[Sun Jun 28 09:30:44.793487 2026] [core:error] [pid 197289:tid 129191810954944] [client 185.177.72.58:53566] AH10244: invalid URI path (/assets/frontend/js/%url%)
[Sun Jun 28 10:11:31.259627 2026] [core:error] [pid 197289:tid 129192482043584] [client 185.177.72.23:60046] AH10244: invalid URI path (/theme/assets/js/%url%)
[Sun Jun 28 10:11:31.478925 2026] [core:error] [pid 197289:tid 129192448472768] [client 185.177.72.23:60060] AH10244: invalid URI path (/assets/frontend/js/%url%)
[Sun Jun 28 10:12:59.651947 2026] [core:error] [pid 197290:tid 129191534126784] [client 185.177.72.23:38800] AH10244: invalid URI path (/theme/assets/js/%url%)
[Sun Jun 28 10:12:59.877371 2026] [core:error] [pid 197289:tid 129191534126784] [client 185.177.72.23:62810] AH10244: invalid URI path (/assets/frontend/js/%url%)
[Sun Jun 28 10:13:12.580173 2026] [core:error] [pid 197290:tid 129191500555968] [client 185.177.72.17:46212] AH10244: invalid URI path (/theme/assets/js/%url%)
[Sun Jun 28 10:13:12.788654 2026] [core:error] [pid 197289:tid 129191542519488] [client 185.177.72.17:46214] AH10244: invalid URI path (/assets/frontend/js/%url%)
[Sun Jun 28 10:13:51.186000 2026] [core:error] [pid 197289:tid 129191903209152] [client 185.177.72.205:49968] AH10244: invalid URI path (/theme/assets/js/%url%)
[Sun Jun 28 10:13:51.406814 2026] [core:error] [pid 197289:tid 129192561555136] [client 185.177.72.205:49972] AH10244: invalid URI path (/assets/frontend/js/%url%)
[Sun Jun 28 10:13:55.581496 2026] [core:error] [pid 197289:tid 129191760598720] [client 185.177.72.17:5210] AH10244: invalid URI path (/theme/assets/js/%url%)
[Sun Jun 28 10:13:55.700923 2026] [core:error] [pid 197289:tid 129191785776832] [client 185.177.72.17:5226] AH10244: invalid URI path (/theme/assets/js/%url%)
[Sun Jun 28 10:13:55.791458 2026] [core:error] [pid 197290:tid 129192303773376] [client 185.177.72.17:5236] AH10244: invalid URI path (/assets/frontend/js/%url%)
[Sun Jun 28 10:13:55.916413 2026] [core:error] [pid 197289:tid 129191802562240] [client 185.177.72.17:5242] AH10244: invalid URI path (/assets/frontend/js/%url%)
[Sun Jun 28 10:14:02.567684 2026] [core:error] [pid 197290:tid 129191542519488] [client 185.177.72.205:49656] AH10244: invalid URI path (/theme/assets/js/%url%)
[Sun Jun 28 10:14:02.772959 2026] [core:error] [pid 197290:tid 129191517341376] [client 185.177.72.205:49666] AH10244: invalid URI path (/assets/frontend/js/%url%)
[Sun Jun 28 10:14:19.148777 2026] [core:error] [pid 197289:tid 129191542519488] [client 185.177.72.205:14090] AH10244: invalid URI path (/theme/assets/js/%url%)
[Sun Jun 28 10:14:19.373986 2026] [core:error] [pid 197289:tid 129191768991424] [client 185.177.72.205:14092] AH10244: invalid URI path (/assets/frontend/js/%url%)
[Sun Jun 28 10:14:38.274631 2026] [core:error] [pid 197289:tid 129192473650880] [client 185.177.72.17:4304] AH10244: invalid URI path (/theme/assets/js/%url%)
[Sun Jun 28 10:14:38.488726 2026] [core:error] [pid 197289:tid 129191911601856] [client 185.177.72.17:4318] AH10244: invalid URI path (/assets/frontend/js/%url%)
[Sun Jun 28 10:15:13.376905 2026] [core:error] [pid 197290:tid 129192561555136] [client 185.177.72.17:57200] AH10244: invalid URI path (/theme/assets/js/%url%)
[Sun Jun 28 10:15:13.593954 2026] [core:error] [pid 197290:tid 129192482043584] [client 185.177.72.17:57212] AH10244: invalid URI path (/assets/frontend/js/%url%)
[Sun Jun 28 14:53:32.841454 2026] [core:error] [pid 197290:tid 129192440080064] [client 111.9.42.36:46202] AH10244: invalid URI path (/cgi-bin/.%2e/.%2e/.%2e/.%2e/.%2e/.%2e/.%2e/.%2e/.%2e/.%2e/bin/sh)
[Sun Jun 28 14:53:34.113447 2026] [core:error] [pid 197290:tid 129192320558784] [client 111.9.42.36:46210] AH10244: invalid URI path (/cgi-bin/%%32%65%%32%65/%%32%65%%32%65/%%32%65%%32%65/%%32%65%%32%65/%%32%65%%32%65/%%32%65%%32%65/%%32%65%%32%65/bin/sh)
[Sun Jun 28 17:37:28.899447 2026] [authz_core:error] [pid 197290:tid 129192328951488] [client 213.209.159.175:19179] AH01630: client denied by server configuration: /var/www/linkabili/public/server-status
[Sun Jun 28 17:37:30.886811 2026] [authz_core:error] [pid 197290:tid 129192295380672] [client 213.209.159.175:19179] AH01630: client denied by server configuration: /var/www/linkabili/public/.htpasswd
[Sun Jun 28 17:37:30.917621 2026] [authz_core:error] [pid 197290:tid 129191534126784] [client 213.209.159.175:19179] AH01630: client denied by server configuration: /var/www/linkabili/public/.htaccess
[Sun Jun 28 22:09:16.091878 2026] [core:error] [pid 197290:tid 129191399909056] [client 104.244.78.33:8726] AH10244: invalid URI path (/theme/assets/js/%url%)
[Sun Jun 28 22:09:16.573419 2026] [core:error] [pid 197290:tid 129192456865472] [client 104.244.78.33:34852] AH10244: invalid URI path (/assets/frontend/js/%url%)
[Sun Jun 28 23:49:55.249174 2026] [authz_core:error] [pid 197289:tid 129191525734080] [client 20.169.76.211:24842] AH01630: client denied by server configuration: /var/www/linkabili/public/.htpasswd
[Mon Jun 29 00:51:47.544898 2026] [authz_core:error] [pid 222909:tid 129192578340544] [remote 185.177.72.51:13164] AH01630: client denied by server configuration: /var/www/linkabili/public/server-status
[Mon Jun 29 01:21:37.802894 2026] [authz_core:error] [pid 222849:tid 129192746464960] [remote 185.177.72.58:3326] AH01630: client denied by server configuration: /var/www/linkabili/public/.htpasswd.bak
[Mon Jun 29 05:51:38.107420 2026] [core:error] [pid 222909:tid 129192079390400] [client 117.177.102.79:38974] AH10244: invalid URI path (/cgi-bin/.%2e/.%2e/.%2e/.%2e/.%2e/.%2e/.%2e/.%2e/.%2e/.%2e/bin/sh)
[Mon Jun 29 05:51:38.780770 2026] [core:error] [pid 222909:tid 129192070997696] [client 117.177.102.79:38986] AH10244: invalid URI path (/cgi-bin/%%32%65%%32%65/%%32%65%%32%65/%%32%65%%32%65/%%32%65%%32%65/%%32%65%%32%65/%%32%65%%32%65/%%32%65%%32%65/bin/sh)
[Mon Jun 29 06:13:10.930669 2026] [core:error] [pid 222909:tid 129191651559104] [client 185.177.72.23:52390] AH10244: invalid URI path (/theme/assets/js/%url%)
[Mon Jun 29 06:13:11.141566 2026] [core:error] [pid 222909:tid 129192440080064] [client 185.177.72.23:52418] AH10244: invalid URI path (/assets/frontend/js/%url%)
[Mon Jun 29 06:13:19.044726 2026] [core:error] [pid 222909:tid 129192045819584] [client 185.177.72.23:52566] AH10244: invalid URI path (/theme/assets/js/%url%)
[Mon Jun 29 06:13:19.258226 2026] [core:error] [pid 222849:tid 129192305862336] [client 185.177.72.23:52588] AH10244: invalid URI path (/assets/frontend/js/%url%)
[Mon Jun 29 06:15:49.643466 2026] [core:error] [pid 222849:tid 129191383123648] [client 185.177.72.54:56962] AH10244: invalid URI path (/theme/assets/js/%url%)
[Mon Jun 29 06:15:49.861918 2026] [core:error] [pid 222849:tid 129192473650880] [client 185.177.72.54:56968] AH10244: invalid URI path (/assets/frontend/js/%url%)
[Mon Jun 29 07:42:13.866004 2026] [core:error] [pid 222909:tid 129191668344512] [client 45.43.37.254:34128] AH10244: invalid URI path (/cgi-bin/.%2e/.%2e/.%2e/.%2e/.%2e/.%2e/.%2e/.%2e/.%2e/.%2e/bin/sh)
[Mon Jun 29 08:01:35.058611 2026] [core:error] [pid 222849:tid 129192331040448] [client 36.88.164.90:42020] AH10244: invalid URI path (/cgi-bin/.%2e/.%2e/.%2e/.%2e/.%2e/.%2e/.%2e/.%2e/.%2e/.%2e/bin/sh)
[Mon Jun 29 09:31:03.298901 2026] [core:error] [pid 222849:tid 129192473650880] [client 90.84.168.147:33120] AH10244: invalid URI path (/cgi-bin/.%2e/.%2e/.%2e/.%2e/.%2e/.%2e/.%2e/.%2e/.%2e/.%2e/bin/sh)
[Mon Jun 29 09:31:03.739462 2026] [core:error] [pid 222849:tid 129191366338240] [client 90.84.168.147:33130] AH10244: invalid URI path (/cgi-bin/%%32%65%%32%65/%%32%65%%32%65/%%32%65%%32%65/%%32%65%%32%65/%%32%65%%32%65/%%32%65%%32%65/%%32%65%%32%65/bin/sh)
[Mon Jun 29 09:44:00.176503 2026] [authz_core:error] [pid 222849:tid 129192431687360] [client 13.86.140.147:30873] AH01630: client denied by server configuration: /var/www/linkabili/public/.htpasswd
[Mon Jun 29 11:32:21.543285 2026] [authz_core:error] [pid 222909:tid 129191651559104] [client 168.144.140.203:40426] AH01630: client denied by server configuration: /var/www/linkabili/public/server-status
[Mon Jun 29 15:32:49.041435 2026] [authz_core:error] [pid 222909:tid 129192561555136] [client 213.209.159.175:24323] AH01630: client denied by server configuration: /var/www/linkabili/public/server-status
[Mon Jun 29 15:32:50.943067 2026] [authz_core:error] [pid 222909:tid 129191626380992] [client 213.209.159.175:24323] AH01630: client denied by server configuration: /var/www/linkabili/public/.htpasswd
[Mon Jun 29 15:32:50.973848 2026] [authz_core:error] [pid 222909:tid 129192070997696] [client 213.209.159.175:24323] AH01630: client denied by server configuration: /var/www/linkabili/public/.htaccess
[Mon Jun 29 17:09:06.303653 2026] [core:error] [pid 222849:tid 129192456865472] [client 152.32.174.171:53820] AH10244: invalid URI path (/cgi-bin/.%2e/.%2e/.%2e/.%2e/.%2e/.%2e/.%2e/.%2e/.%2e/.%2e/bin/sh)
[Mon Jun 29 18:51:24.553524 2026] [core:error] [pid 222909:tid 129191676737216] [client 195.178.110.135:19012] AH10244: invalid URI path (/../etc/passwd?_=wqkak9wv&v=002w6)
[Mon Jun 29 18:51:25.503427 2026] [core:error] [pid 222909:tid 129192045819584] [client 195.178.110.135:19020] AH10244: invalid URI path (/../etc/shadow?_=g1u37mbx&v=1o3rc), referer: https://www.bing.com/search?q=3p8648
[Mon Jun 29 18:51:25.836346 2026] [core:error] [pid 222909:tid 129192431687360] [client 195.178.110.135:19022] AH10244: invalid URI path (/../etc/hosts?_=7euiplns&v=eqmvg)
[Mon Jun 29 18:51:26.166304 2026] [core:error] [pid 222909:tid 129192070997696] [client 195.178.110.135:19036] AH10244: invalid URI path (/../proc/self/environ?_=iydtexh5&v=8n1lw)
[Mon Jun 29 18:51:26.727913 2026] [core:error] [pid 222909:tid 129192037426880] [client 195.178.110.135:19048] AH10244: invalid URI path (/../root/.ssh/id_rsa?_=a075nj2q&v=ly7if), referer: https://duckduckgo.com/?q=jgiss
[Mon Jun 29 18:51:27.055641 2026] [core:error] [pid 222909:tid 129192079390400] [client 195.178.110.135:53842] AH10244: invalid URI path (/../.aws/credentials?_=4nv18ttc&v=hzzf3)
[Mon Jun 29 18:51:27.310360 2026] [core:error] [pid 222849:tid 129191391516352] [client 195.178.110.135:53854] AH10244: invalid URI path (/../.env?_=jxr76alz&v=ofsmc), referer: https://news.ycombinator.com/
[Mon Jun 29 18:51:27.478490 2026] [core:error] [pid 222909:tid 129191668344512] [client 195.178.110.135:53870] AH10244: invalid URI path (/../proc/version?_=2rgyk9yt&v=up31t), referer: https://twitter.com/
[Mon Jun 29 18:51:28.630790 2026] [core:error] [pid 222909:tid 129192473650880] [client 195.178.110.135:53884] AH10244: invalid URI path (/../var/www/html/.env?_=wzw5y20s&v=3zqr1)
[Mon Jun 29 18:51:28.811067 2026] [core:error] [pid 222909:tid 129192465258176] [client 195.178.110.135:53896] AH10244: invalid URI path (/../var/www/.env?_=pjpz5xyi&v=gj7iq), referer: https://www.bing.com/search?q=20n2tp
[Mon Jun 29 18:51:28.934361 2026] [core:error] [pid 222909:tid 129191651559104] [client 195.178.110.135:53906] AH10244: invalid URI path (/../var/www/html/wp-config.php?_=ahzgsqs7&v=h8l4r)
[Mon Jun 29 18:51:29.105406 2026] [core:error] [pid 222909:tid 129192440080064] [client 195.178.110.135:53916] AH10244: invalid URI path (/../var/www/html/config.php?_=1dsblqt6&v=twowv), referer: https://news.ycombinator.com/
[Mon Jun 29 18:51:29.809560 2026] [core:error] [pid 222909:tid 129191265691328] [client 195.178.110.135:53922] AH10244: invalid URI path (/../var/www/html/configuration.php?_=0nkfs865&v=e6bmz), referer: https://news.ycombinator.com/
[Mon Jun 29 18:51:29.991267 2026] [core:error] [pid 222909:tid 129191659951808] [client 195.178.110.135:53932] AH10244: invalid URI path (/../app/.env?_=gkkupmqw&v=rym1e)
[Mon Jun 29 18:51:30.600178 2026] [core:error] [pid 222909:tid 129191626380992] [client 195.178.110.135:53940] AH10244: invalid URI path (/../srv/.env?_=xgg0vi4u&v=w1ruu), referer: https://t.co/3403jhw017
[Mon Jun 29 18:51:30.850876 2026] [core:error] [pid 222909:tid 129192456865472] [client 195.178.110.135:53950] AH10244: invalid URI path (/../home/.env?_=xry7mq8w&v=hdsk7)
[Mon Jun 29 18:51:31.187996 2026] [core:error] [pid 222849:tid 129191383123648] [client 195.178.110.135:53954] AH10244: invalid URI path (/../var/log/nginx/access.log?_=uuhhbq1o&v=eli5w), referer: https://www.google.com/
[Mon Jun 29 18:51:31.435599 2026] [core:error] [pid 222909:tid 129191274084032] [client 195.178.110.135:53966] AH10244: invalid URI path (/../var/log/apache2/access.log?_=j0uobb0e&v=mfqjw), referer: https://www.facebook.com/
[Mon Jun 29 18:51:32.238114 2026] [core:error] [pid 222849:tid 129192465258176] [client 195.178.110.135:53982] AH10244: invalid URI path (/../proc/self/cmdline?_=1up4aur2&v=bozv0), referer: https://www.facebook.com/
[Mon Jun 29 18:51:32.760478 2026] [core:error] [pid 222909:tid 129192482043584] [client 195.178.110.135:53994] AH10244: invalid URI path (/../proc/net/tcp?_=prjdchyt&v=s13m4)
[Mon Jun 29 18:51:33.479774 2026] [core:error] [pid 222849:tid 129192339433152] [client 195.178.110.135:54006] AH10244: invalid URI path (/../root/.bash_history?_=1mwynjdu&v=n5mam), referer: https://www.google.com/
[Mon Jun 29 18:51:33.568242 2026] [core:error] [pid 222909:tid 129192054212288] [client 195.178.110.135:54018] AH10244: invalid URI path (/../root/.mysql_history?_=m8ou96mn&v=0wkvw)
[Mon Jun 29 18:51:33.892049 2026] [core:error] [pid 222909:tid 129192448472768] [client 195.178.110.135:54026] AH10244: invalid URI path (/../etc/nginx/nginx.conf?_=cy19ojvk&v=iv8uf), referer: https://news.ycombinator.com/
[Mon Jun 29 18:51:34.209870 2026] [core:error] [pid 222909:tid 129192561555136] [client 195.178.110.135:54028] AH10244: invalid URI path (/../etc/apache2/apache2.conf?_=1pgeayhm&v=kkmkn)
[Mon Jun 29 18:51:34.938094 2026] [core:error] [pid 222909:tid 129192062604992] [client 195.178.110.135:54042] AH10244: invalid URI path (/../var/www/html/.git/config?_=it6wmx9t&v=4lkuu), referer: https://www.reddit.com/
[Mon Jun 29 18:51:35.411308 2026] [core:error] [pid 222909:tid 129191634773696] [client 195.178.110.135:54048] AH10244: invalid URI path (/../var/www/.git/config?_=0ia1nu1p&v=os9cs), referer: https://www.reddit.com/
[Mon Jun 29 18:51:35.869161 2026] [core:error] [pid 222909:tid 129191643166400] [client 195.178.110.135:54060] AH10244: invalid URI path (/../../etc/passwd?_=3yd6b5tk&v=zcy92)
[Mon Jun 29 18:51:35.942269 2026] [core:error] [pid 222909:tid 129191257298624] [client 195.178.110.135:54070] AH10244: invalid URI path (/../../etc/shadow?_=is1eyd92&v=22npa)
[Mon Jun 29 18:51:36.562347 2026] [core:error] [pid 222909:tid 129192029034176] [client 195.178.110.135:54072] AH10244: invalid URI path (/../../etc/hosts?_=dshobrm1&v=2aa5y), referer: https://twitter.com/
[Mon Jun 29 18:51:36.741629 2026] [core:error] [pid 222909:tid 129191676737216] [client 195.178.110.135:54084] AH10244: invalid URI path (/../../proc/self/environ?_=3x7nh8py&v=0wiy1)
[Mon Jun 29 18:51:36.846974 2026] [core:error] [pid 222849:tid 129192305862336] [client 195.178.110.135:54090] AH10244: invalid URI path (/../../root/.ssh/id_rsa?_=3f1fdwrl&v=6mefw)
[Mon Jun 29 18:51:37.107593 2026] [core:error] [pid 222849:tid 129192448472768] [client 195.178.110.135:44570] AH10244: invalid URI path (/../../.aws/credentials?_=0ca5fun0&v=hf1rg), referer: https://www.facebook.com/
[Mon Jun 29 18:51:37.497733 2026] [core:error] [pid 222849:tid 129192440080064] [client 195.178.110.135:44582] AH10244: invalid URI path (/../../.env?_=dpzdu5lo&v=p3kec), referer: https://news.ycombinator.com/
[Mon Jun 29 18:51:37.569872 2026] [core:error] [pid 222909:tid 129192045819584] [client 195.178.110.135:44590] AH10244: invalid URI path (/../../proc/version?_=5g0yb07i&v=mz6ii)
[Mon Jun 29 18:51:37.704727 2026] [core:error] [pid 222909:tid 129192431687360] [client 195.178.110.135:44606] AH10244: invalid URI path (/../../var/www/html/.env?_=clrf53aa&v=0gdiw), referer: https://twitter.com/
[Mon Jun 29 18:51:38.531912 2026] [core:error] [pid 222909:tid 129192070997696] [client 195.178.110.135:44608] AH10244: invalid URI path (/../../var/www/.env?_=1w3reoqe&v=lxac7)
[Mon Jun 29 18:51:38.744012 2026] [core:error] [pid 222909:tid 129192037426880] [client 195.178.110.135:44624] AH10244: invalid URI path (/../../var/www/html/wp-config.php?_=wn4vhs88&v=26182), referer: https://t.co/w510d5urqz
[Mon Jun 29 18:51:39.295279 2026] [core:error] [pid 222849:tid 129191357945536] [client 195.178.110.135:44626] AH10244: invalid URI path (/../../var/www/html/config.php?_=a8blv6du&v=aaz6c), referer: https://twitter.com/
[Mon Jun 29 18:51:39.454759 2026] [core:error] [pid 222909:tid 129192079390400] [client 195.178.110.135:44628] AH10244: invalid URI path (/../../var/www/html/configuration.php?_=fftvh09n&v=9e3bs), referer: https://news.ycombinator.com/
[Mon Jun 29 18:51:39.795069 2026] [core:error] [pid 222909:tid 129191668344512] [client 195.178.110.135:44640] AH10244: invalid URI path (/../../app/.env?_=4m0q7m7r&v=b9o9p)
[Mon Jun 29 18:51:39.921680 2026] [core:error] [pid 222909:tid 129192473650880] [client 195.178.110.135:44648] AH10244: invalid URI path (/../../srv/.env?_=ce72v7w6&v=2rz1l)
[Mon Jun 29 18:51:40.057445 2026] [core:error] [pid 222909:tid 129192465258176] [client 195.178.110.135:44658] AH10244: invalid URI path (/../../home/.env?_=jqbkkdbt&v=aptxh), referer: https://duckduckgo.com/?q=ekmf3
[Mon Jun 29 18:51:40.723569 2026] [core:error] [pid 222909:tid 129191651559104] [client 195.178.110.135:44662] AH10244: invalid URI path (/../../var/log/nginx/access.log?_=qjgk6zhd&v=rxwe0), referer: https://www.google.com/
[Mon Jun 29 18:51:41.283888 2026] [core:error] [pid 222909:tid 129192440080064] [client 195.178.110.135:44676] AH10244: invalid URI path (/../../var/log/apache2/access.log?_=4087yzlb&v=mr5s4), referer: https://www.google.com/search?q=m45tja
[Mon Jun 29 18:51:41.723860 2026] [core:error] [pid 222909:tid 129191265691328] [client 195.178.110.135:44678] AH10244: invalid URI path (/../../proc/self/cmdline?_=xzelo6fj&v=tz5mw), referer: https://duckduckgo.com/?q=zarcx
[Mon Jun 29 18:51:41.868082 2026] [core:error] [pid 222909:tid 129191659951808] [client 195.178.110.135:44690] AH10244: invalid URI path (/../../proc/net/tcp?_=mz7dpu8s&v=mtk70), referer: https://news.ycombinator.com/
[Mon Jun 29 18:51:42.365289 2026] [core:error] [pid 222909:tid 129191626380992] [client 195.178.110.135:44698] AH10244: invalid URI path (/../../root/.bash_history?_=eqc7qq5z&v=oy9vr), referer: https://www.google.com/
[Mon Jun 29 18:51:42.760244 2026] [core:error] [pid 222909:tid 129192456865472] [client 195.178.110.135:44700] AH10244: invalid URI path (/../../root/.mysql_history?_=mpyej1wy&v=n9yj0), referer: https://www.bing.com/search?q=vseipp
[Mon Jun 29 18:51:43.512617 2026] [core:error] [pid 222909:tid 129191274084032] [client 195.178.110.135:44702] AH10244: invalid URI path (/../../etc/nginx/nginx.conf?_=tp6z4gxh&v=u5adk), referer: https://www.google.com/search?q=441lmd
[Mon Jun 29 18:51:43.851494 2026] [core:error] [pid 222909:tid 129192482043584] [client 195.178.110.135:44706] AH10244: invalid URI path (/../../etc/apache2/apache2.conf?_=95xpfcfp&v=bcx5s)
[Mon Jun 29 18:51:44.337754 2026] [core:error] [pid 222909:tid 129192054212288] [client 195.178.110.135:44708] AH10244: invalid URI path (/../../var/www/html/.git/config?_=l78wslu2&v=0p9mc), referer: https://t.co/e3q385kixw
[Mon Jun 29 18:51:44.447184 2026] [core:error] [pid 222909:tid 129192448472768] [client 195.178.110.135:44710] AH10244: invalid URI path (/../../var/www/.git/config?_=0ld1rxet&v=j557o)
[Mon Jun 29 18:51:44.855158 2026] [core:error] [pid 222909:tid 129192561555136] [client 195.178.110.135:44712] AH10244: invalid URI path (/../../../etc/passwd?_=d0alamom&v=p2c3s), referer: https://www.facebook.com/
[Mon Jun 29 18:51:45.347630 2026] [core:error] [pid 222909:tid 129192062604992] [client 195.178.110.135:44716] AH10244: invalid URI path (/../../../etc/shadow?_=x4cf6xe4&v=rpxu3), referer: https://www.google.com/search?q=4at5ao
[Mon Jun 29 18:51:46.289433 2026] [core:error] [pid 222849:tid 129190930147008] [client 195.178.110.135:44724] AH10244: invalid URI path (/../../../etc/hosts?_=me4b39zq&v=f79l6), referer: https://duckduckgo.com/?q=joxxo
[Mon Jun 29 18:51:46.906970 2026] [core:error] [pid 222909:tid 129191634773696] [client 195.178.110.135:44728] AH10244: invalid URI path (/../../../proc/self/environ?_=4ej1cbnj&v=apd14)
[Mon Jun 29 18:51:48.044100 2026] [core:error] [pid 222909:tid 129191643166400] [client 195.178.110.135:60756] AH10244: invalid URI path (/../../../root/.ssh/id_rsa?_=xguxe07p&v=o39o4), referer: https://www.google.com/search?q=yrzi5c
[Mon Jun 29 18:51:48.338530 2026] [core:error] [pid 222909:tid 129191257298624] [client 195.178.110.135:60772] AH10244: invalid URI path (/../../../.aws/credentials?_=0scq9z44&v=75fex)
[Mon Jun 29 18:51:48.847577 2026] [core:error] [pid 222909:tid 129192029034176] [client 195.178.110.135:60784] AH10244: invalid URI path (/../../../.env?_=uah3xwhb&v=6c2ne), referer: https://www.reddit.com/
[Mon Jun 29 18:51:48.945604 2026] [core:error] [pid 222909:tid 129191676737216] [client 195.178.110.135:60790] AH10244: invalid URI path (/../../../proc/version?_=812fbbhv&v=37ut6), referer: https://twitter.com/
[Mon Jun 29 18:51:49.042896 2026] [core:error] [pid 222909:tid 129192045819584] [client 195.178.110.135:60800] AH10244: invalid URI path (/../../../var/www/html/.env?_=25kmhk0k&v=ue2ng), referer: https://news.ycombinator.com/
[Mon Jun 29 18:51:50.023150 2026] [core:error] [pid 222909:tid 129192431687360] [client 195.178.110.135:60810] AH10244: invalid URI path (/../../../var/www/.env?_=j2qaqo2z&v=0w0qt)
[Mon Jun 29 18:51:50.783361 2026] [core:error] [pid 222909:tid 129192070997696] [client 195.178.110.135:60816] AH10244: invalid URI path (/../../../var/www/html/wp-config.php?_=pcl0nqei&v=mqrlk), referer: https://news.ycombinator.com/
[Mon Jun 29 18:51:51.572107 2026] [core:error] [pid 222909:tid 129192037426880] [client 195.178.110.135:60824] AH10244: invalid URI path (/../../../var/www/html/config.php?_=at3ys41c&v=yg0w7), referer: https://duckduckgo.com/?q=tmigk
[Mon Jun 29 18:51:51.819079 2026] [core:error] [pid 222909:tid 129192079390400] [client 195.178.110.135:60830] AH10244: invalid URI path (/../../../var/www/html/configuration.php?_=7nfvfo62&v=1uq0o), referer: https://duckduckgo.com/?q=ouyhd
[Mon Jun 29 18:51:52.414280 2026] [core:error] [pid 222849:tid 129192561555136] [client 195.178.110.135:60838] AH10244: invalid URI path (/../../../app/.env?_=45x3zs81&v=wver9)
[Mon Jun 29 18:51:52.760614 2026] [core:error] [pid 222849:tid 129192473650880] [client 195.178.110.135:60848] AH10244: invalid URI path (/../../../srv/.env?_=fmw785ps&v=mzjnx), referer: https://twitter.com/
[Mon Jun 29 18:51:53.151975 2026] [core:error] [pid 222909:tid 129191668344512] [client 195.178.110.135:60856] AH10244: invalid URI path (/../../../home/.env?_=72luliil&v=60xo3), referer: https://www.google.com/
[Mon Jun 29 18:51:53.488943 2026] [core:error] [pid 222909:tid 129192473650880] [client 195.178.110.135:60862] AH10244: invalid URI path (/../../../var/log/nginx/access.log?_=2jtu0yym&v=lg3re), referer: https://news.ycombinator.com/
[Mon Jun 29 18:51:53.949572 2026] [core:error] [pid 222909:tid 129192465258176] [client 195.178.110.135:60868] AH10244: invalid URI path (/../../../var/log/apache2/access.log?_=8gaq9lz2&v=bnx4w), referer: https://t.co/sxtjmqxt6b
[Mon Jun 29 18:51:54.402493 2026] [core:error] [pid 222909:tid 129191651559104] [client 195.178.110.135:60884] AH10244: invalid URI path (/../../../proc/self/cmdline?_=j2828ebg&v=7snmk), referer: https://www.facebook.com/
[Mon Jun 29 18:51:54.640122 2026] [core:error] [pid 222909:tid 129192440080064] [client 195.178.110.135:60890] AH10244: invalid URI path (/../../../proc/net/tcp?_=eesx9bi6&v=t3a9j), referer: https://t.co/x2lfcr91mt
[Mon Jun 29 18:51:55.125857 2026] [core:error] [pid 222909:tid 129191265691328] [client 195.178.110.135:60906] AH10244: invalid URI path (/../../../root/.bash_history?_=73nqzoj5&v=3bgcm)
[Mon Jun 29 18:51:55.238797 2026] [core:error] [pid 222909:tid 129191659951808] [client 195.178.110.135:60918] AH10244: invalid URI path (/../../../root/.mysql_history?_=4zezh5yh&v=zunvf)
[Mon Jun 29 18:51:55.496517 2026] [core:error] [pid 222909:tid 129191626380992] [client 195.178.110.135:60932] AH10244: invalid URI path (/../../../etc/nginx/nginx.conf?_=ck2ux2yn&v=3tadu), referer: https://www.bing.com/search?q=4pt4xh
[Mon Jun 29 18:51:55.712764 2026] [core:error] [pid 222909:tid 129192456865472] [client 195.178.110.135:60944] AH10244: invalid URI path (/../../../etc/apache2/apache2.conf?_=ra5oqhnh&v=bfsw6), referer: https://twitter.com/
[Mon Jun 29 18:51:55.844507 2026] [core:error] [pid 222909:tid 129191274084032] [client 195.178.110.135:60956] AH10244: invalid URI path (/../../../var/www/html/.git/config?_=7x1j66mm&v=8lutt)
[Mon Jun 29 18:51:55.934443 2026] [core:error] [pid 222909:tid 129192482043584] [client 195.178.110.135:60972] AH10244: invalid URI path (/../../../var/www/.git/config?_=amsda11y&v=5iwmp)
[Mon Jun 29 18:51:56.611977 2026] [core:error] [pid 222849:tid 129192431687360] [client 195.178.110.135:60978] AH10244: invalid URI path (/%2e%2e/etc/passwd?_=1oppmrwy&v=ek9oe), referer: https://www.facebook.com/
[Mon Jun 29 18:51:56.964063 2026] [core:error] [pid 222909:tid 129192054212288] [client 195.178.110.135:36904] AH10244: invalid URI path (/%2e%2e/etc/shadow?_=hmjot6uu&v=mj621), referer: https://www.google.com/
[Mon Jun 29 18:51:57.107176 2026] [core:error] [pid 222909:tid 129192448472768] [client 195.178.110.135:36914] AH10244: invalid URI path (/%2e%2e/etc/hosts?_=o6m1ivlb&v=xhdgc)
[Mon Jun 29 18:51:57.715415 2026] [core:error] [pid 222849:tid 129191408301760] [client 195.178.110.135:36922] AH10244: invalid URI path (/%2e%2e/proc/self/environ?_=o2dupigw&v=v3iq8)
[Mon Jun 29 18:51:57.980197 2026] [core:error] [pid 222909:tid 129192561555136] [client 195.178.110.135:36930] AH10244: invalid URI path (/%2e%2e/root/.ssh/id_rsa?_=h5oex6e3&v=tfi43)
[Mon Jun 29 18:51:58.064443 2026] [core:error] [pid 222909:tid 129192062604992] [client 195.178.110.135:36932] AH10244: invalid URI path (/%2e%2e/.aws/credentials?_=3rbvuok2&v=8eb5z), referer: https://duckduckgo.com/?q=uowtg
[Mon Jun 29 18:51:58.848483 2026] [core:error] [pid 222909:tid 129191634773696] [client 195.178.110.135:36940] AH10244: invalid URI path (/%2e%2e/.env?_=ou3fitv1&v=45x6j), referer: https://www.facebook.com/
[Mon Jun 29 18:51:59.271474 2026] [core:error] [pid 222909:tid 129191643166400] [client 195.178.110.135:36946] AH10244: invalid URI path (/%2e%2e/proc/version?_=sxohyxd6&v=u308r)
[Mon Jun 29 18:51:59.518647 2026] [core:error] [pid 222909:tid 129191257298624] [client 195.178.110.135:36956] AH10244: invalid URI path (/%2e%2e/var/www/html/.env?_=aqshmvhr&v=ai3tm)
[Mon Jun 29 18:51:59.664059 2026] [core:error] [pid 222909:tid 129192029034176] [client 195.178.110.135:36966] AH10244: invalid URI path (/%2e%2e/var/www/.env?_=skbv35y5&v=6negi)
[Mon Jun 29 18:51:59.930489 2026] [core:error] [pid 222909:tid 129191676737216] [client 195.178.110.135:36978] AH10244: invalid URI path (/%2e%2e/var/www/html/wp-config.php?_=kk9w9t22&v=jlxze), referer: https://www.bing.com/search?q=4ed4e9
[Mon Jun 29 18:52:00.470994 2026] [core:error] [pid 222909:tid 129192045819584] [client 195.178.110.135:36994] AH10244: invalid URI path (/%2e%2e/var/www/html/config.php?_=s5mpjfox&v=ixfru)
[Mon Jun 29 18:52:00.695337 2026] [core:error] [pid 222849:tid 129191366338240] [client 195.178.110.135:37004] AH10244: invalid URI path (/%2e%2e/var/www/html/configuration.php?_=1pkxwk9g&v=ssv25)
[Mon Jun 29 18:52:01.025793 2026] [core:error] [pid 222909:tid 129192431687360] [client 195.178.110.135:37006] AH10244: invalid URI path (/%2e%2e/app/.env?_=sccw7rs6&v=t1nbm)
[Mon Jun 29 18:52:01.803800 2026] [core:error] [pid 222909:tid 129192070997696] [client 195.178.110.135:37018] AH10244: invalid URI path (/%2e%2e/srv/.env?_=zgbc9qpi&v=bn4m0), referer: https://news.ycombinator.com/
[Mon Jun 29 18:52:02.072391 2026] [core:error] [pid 222909:tid 129192037426880] [client 195.178.110.135:37034] AH10244: invalid URI path (/%2e%2e/home/.env?_=igm5gnnz&v=zoggu)
[Mon Jun 29 18:52:02.493633 2026] [core:error] [pid 222909:tid 129192079390400] [client 195.178.110.135:37050] AH10244: invalid URI path (/%2e%2e/var/log/nginx/access.log?_=lw7yjue9&v=euku6), referer: https://www.reddit.com/
[Mon Jun 29 18:52:02.888101 2026] [core:error] [pid 222909:tid 129191668344512] [client 195.178.110.135:37056] AH10244: invalid URI path (/%2e%2e/var/log/apache2/access.log?_=avh7aju4&v=udk9u), referer: https://www.bing.com/search?q=mzefsl
[Mon Jun 29 18:52:03.684977 2026] [core:error] [pid 222909:tid 129192473650880] [client 195.178.110.135:37062] AH10244: invalid URI path (/%2e%2e/proc/self/cmdline?_=t26xox0i&v=8w9zi)
[Mon Jun 29 18:52:03.984450 2026] [core:error] [pid 222909:tid 129192465258176] [client 195.178.110.135:37064] AH10244: invalid URI path (/%2e%2e/proc/net/tcp?_=aict5pyp&v=o8huv)
[Mon Jun 29 18:52:04.596377 2026] [core:error] [pid 222909:tid 129191651559104] [client 195.178.110.135:37066] AH10244: invalid URI path (/%2e%2e/root/.bash_history?_=b46e3b87&v=t2z22), referer: https://t.co/xzz7caqd9s
[Mon Jun 29 18:52:04.835878 2026] [core:error] [pid 222909:tid 129192440080064] [client 195.178.110.135:37070] AH10244: invalid URI path (/%2e%2e/root/.mysql_history?_=dv86koej&v=rxtm5)
[Mon Jun 29 18:52:06.044279 2026] [core:error] [pid 222909:tid 129191265691328] [client 195.178.110.135:37084] AH10244: invalid URI path (/%2e%2e/etc/nginx/nginx.conf?_=a62qy172&v=t23zm), referer: https://duckduckgo.com/?q=iuqxe
[Mon Jun 29 18:52:06.646484 2026] [core:error] [pid 222909:tid 129191659951808] [client 195.178.110.135:37090] AH10244: invalid URI path (/%2e%2e/etc/apache2/apache2.conf?_=zdc2cif9&v=ldp07), referer: https://duckduckgo.com/?q=h300c
[Mon Jun 29 18:52:06.791631 2026] [core:error] [pid 222909:tid 129191626380992] [client 195.178.110.135:37104] AH10244: invalid URI path (/%2e%2e/var/www/html/.git/config?_=w4q2cymj&v=kyoym), referer: https://www.google.com/search?q=s29bb8
[Mon Jun 29 18:52:07.579561 2026] [core:error] [pid 222909:tid 129192456865472] [client 195.178.110.135:8296] AH10244: invalid URI path (/%2e%2e/var/www/.git/config?_=zsrmf5oi&v=lgj0c)
[Mon Jun 29 18:52:07.651476 2026] [core:error] [pid 222909:tid 129191274084032] [client 195.178.110.135:8298] AH10244: invalid URI path (/%2e%2e/%2e%2e/etc/passwd?_=9aezcvei&v=3y5sp)
[Mon Jun 29 18:52:08.333130 2026] [core:error] [pid 222909:tid 129192482043584] [client 195.178.110.135:8306] AH10244: invalid URI path (/%2e%2e/%2e%2e/etc/shadow?_=x4w93dxr&v=msynm)
[Mon Jun 29 18:52:09.734751 2026] [core:error] [pid 222909:tid 129192054212288] [client 195.178.110.135:8332] AH10244: invalid URI path (/%2e%2e/%2e%2e/etc/hosts?_=o26w2r7g&v=tlnlg), referer: https://duckduckgo.com/?q=rqto1
[Mon Jun 29 18:52:10.424783 2026] [core:error] [pid 222909:tid 129192448472768] [client 195.178.110.135:8344] AH10244: invalid URI path (/%2e%2e/%2e%2e/proc/self/environ?_=yiv21iby&v=awsxs)
[Mon Jun 29 18:52:10.647374 2026] [core:error] [pid 222909:tid 129192561555136] [client 195.178.110.135:8370] AH10244: invalid URI path (/%2e%2e/%2e%2e/root/.ssh/id_rsa?_=0ppteqj5&v=s5lqp)
[Mon Jun 29 18:52:10.795521 2026] [core:error] [pid 222909:tid 129192062604992] [client 195.178.110.135:8384] AH10244: invalid URI path (/%2e%2e/%2e%2e/.aws/credentials?_=dqzkivf8&v=oxn1l)
[Mon Jun 29 18:52:11.037377 2026] [core:error] [pid 222909:tid 129191634773696] [client 195.178.110.135:8390] AH10244: invalid URI path (/%2e%2e/%2e%2e/.env?_=unokqrjv&v=xfmiv)
[Mon Jun 29 18:52:11.935784 2026] [core:error] [pid 222909:tid 129191643166400] [client 195.178.110.135:8404] AH10244: invalid URI path (/%2e%2e/%2e%2e/proc/version?_=khx9bsmf&v=gijhp)
[Mon Jun 29 18:52:13.075546 2026] [core:error] [pid 222909:tid 129191257298624] [client 195.178.110.135:8416] AH10244: invalid URI path (/%2e%2e/%2e%2e/var/www/html/.env?_=ccgll312&v=93rkq)
[Mon Jun 29 18:52:13.175596 2026] [core:error] [pid 222909:tid 129192029034176] [client 195.178.110.135:8422] AH10244: invalid URI path (/%2e%2e/%2e%2e/var/www/.env?_=vfq7hft3&v=2hqx2), referer: https://www.reddit.com/
[Mon Jun 29 18:52:13.345172 2026] [core:error] [pid 222909:tid 129191676737216] [client 195.178.110.135:8438] AH10244: invalid URI path (/%2e%2e/%2e%2e/var/www/html/wp-config.php?_=kxkvo1ch&v=fzfyf), referer: https://twitter.com/
[Mon Jun 29 18:52:13.461508 2026] [core:error] [pid 222849:tid 129192456865472] [client 195.178.110.135:8448] AH10244: invalid URI path (/%2e%2e/%2e%2e/var/www/html/config.php?_=np8rfqh6&v=cemcf)
[Mon Jun 29 18:52:13.664836 2026] [core:error] [pid 222909:tid 129192045819584] [client 195.178.110.135:8454] AH10244: invalid URI path (/%2e%2e/%2e%2e/var/www/html/configuration.php?_=r0tmi0cu&v=hlin1)
[Mon Jun 29 18:52:14.240278 2026] [core:error] [pid 222909:tid 129192431687360] [client 195.178.110.135:8458] AH10244: invalid URI path (/%2e%2e/%2e%2e/app/.env?_=lkkp7dx2&v=jxwh2)
[Mon Jun 29 18:52:15.609835 2026] [core:error] [pid 222909:tid 129192070997696] [client 195.178.110.135:8462] AH10244: invalid URI path (/%2e%2e/%2e%2e/srv/.env?_=39bpbjzf&v=1uonk), referer: https://www.google.com/
[Mon Jun 29 18:52:16.056070 2026] [core:error] [pid 222909:tid 129192037426880] [client 195.178.110.135:8472] AH10244: invalid URI path (/%2e%2e/%2e%2e/home/.env?_=fww1rq03&v=5oq8j)
[Mon Jun 29 18:52:16.170497 2026] [core:error] [pid 222909:tid 129192079390400] [client 195.178.110.135:8474] AH10244: invalid URI path (/%2e%2e/%2e%2e/var/log/nginx/access.log?_=ewb0eywe&v=3pf3l)
[Mon Jun 29 18:52:17.039920 2026] [core:error] [pid 222909:tid 129191668344512] [client 195.178.110.135:31558] AH10244: invalid URI path (/%2e%2e/%2e%2e/var/log/apache2/access.log?_=104cs027&v=y7hxc), referer: https://www.google.com/
[Mon Jun 29 18:52:17.814442 2026] [core:error] [pid 222849:tid 129190921754304] [client 195.178.110.135:31566] AH10244: invalid URI path (/%2e%2e/%2e%2e/proc/self/cmdline?_=hgc362n1&v=ozp13)
[Mon Jun 29 18:52:18.111088 2026] [core:error] [pid 222849:tid 129192314255040] [client 195.178.110.135:31568] AH10244: invalid URI path (/%2e%2e/%2e%2e/proc/net/tcp?_=7i3bibwy&v=4rofa)
[Mon Jun 29 18:52:18.193863 2026] [core:error] [pid 222909:tid 129192473650880] [client 195.178.110.135:31574] AH10244: invalid URI path (/%2e%2e/%2e%2e/root/.bash_history?_=vrol44ax&v=b7nn2)
[Mon Jun 29 18:52:18.486638 2026] [core:error] [pid 222849:tid 129191374730944] [client 195.178.110.135:31588] AH10244: invalid URI path (/%2e%2e/%2e%2e/root/.mysql_history?_=qyvdx7ke&v=8habb)
[Mon Jun 29 18:52:20.755741 2026] [core:error] [pid 222909:tid 129192465258176] [client 195.178.110.135:31614] AH10244: invalid URI path (/%2e%2e/%2e%2e/etc/nginx/nginx.conf?_=1ej9fp3n&v=1d6ds), referer: https://www.facebook.com/
[Mon Jun 29 18:52:21.289635 2026] [core:error] [pid 222909:tid 129191651559104] [client 195.178.110.135:31628] AH10244: invalid URI path (/%2e%2e/%2e%2e/etc/apache2/apache2.conf?_=new8xitb&v=yk7ug), referer: https://news.ycombinator.com/
[Mon Jun 29 18:52:21.553387 2026] [core:error] [pid 222909:tid 129192440080064] [client 195.178.110.135:31654] AH10244: invalid URI path (/%2e%2e/%2e%2e/var/www/html/.git/config?_=vvbki0jb&v=4w5ow)
[Mon Jun 29 18:52:22.158431 2026] [core:error] [pid 222849:tid 129192347825856] [client 195.178.110.135:31674] AH10244: invalid URI path (/%2e%2e/%2e%2e/var/www/.git/config?_=l3vlh0yd&v=1m3is), referer: https://www.google.com/
[Mon Jun 29 18:52:57.828935 2026] [core:error] [pid 222909:tid 129192465258176] [client 195.178.110.135:31676] AH10244: invalid URI path (/../../../etc/passwd?_=s2485143&v=5xqp4)
[Mon Jun 29 18:52:57.993288 2026] [core:error] [pid 222849:tid 129192331040448] [client 195.178.110.135:28688] AH10244: invalid URI path (/../../../../etc/passwd?_=xsbazmrs&v=gkz33)
[Mon Jun 29 18:52:58.882094 2026] [core:error] [pid 222909:tid 129191651559104] [client 195.178.110.135:28720] AH10244: invalid URI path (/../.env?_=y4sjj6cp&v=j77dc)
[Mon Jun 29 18:52:59.992907 2026] [core:error] [pid 222909:tid 129192440080064] [client 195.178.110.135:28724] AH10244: invalid URI path (/../../.env?_=d6ce6ldw&v=jedn5)
[Mon Jun 29 19:08:55.889865 2026] [core:error] [pid 222909:tid 129192037426880] [client 195.178.110.108:16108] AH10244: invalid URI path (/../etc/passwd?_=r9rrxxfm&v=uu66x), referer: https://news.ycombinator.com/
[Mon Jun 29 19:08:57.671286 2026] [core:error] [pid 222909:tid 129192079390400] [client 195.178.110.108:16116] AH10244: invalid URI path (/../etc/shadow?_=ib4mbj1l&v=n98tw), referer: https://duckduckgo.com/?q=dkz2l
[Mon Jun 29 19:08:58.147606 2026] [core:error] [pid 222849:tid 129192297469632] [client 195.178.110.108:16130] AH10244: invalid URI path (/../etc/hosts?_=wxeky3nm&v=j9p9d)
[Mon Jun 29 19:08:58.982098 2026] [core:error] [pid 222909:tid 129192561555136] [client 195.178.110.108:16138] AH10244: invalid URI path (/../proc/self/environ?_=5e4slbbz&v=vkmcc), referer: https://www.bing.com/search?q=m4yivp
[Mon Jun 29 19:08:59.581985 2026] [core:error] [pid 222849:tid 129191391516352] [client 195.178.110.108:16150] AH10244: invalid URI path (/../root/.ssh/id_rsa?_=rqv59z6c&v=e1ceq), referer: https://t.co/8fo388gdna
[Mon Jun 29 19:09:00.036704 2026] [core:error] [pid 222909:tid 129192062604992] [client 195.178.110.108:16156] AH10244: invalid URI path (/../.aws/credentials?_=21wtdsx1&v=sp06a), referer: https://duckduckgo.com/?q=yb5ki
[Mon Jun 29 19:09:02.082390 2026] [core:error] [pid 222849:tid 129191383123648] [client 195.178.110.108:16168] AH10244: invalid URI path (/../.env?_=fllhq5av&v=frz1u), referer: https://www.facebook.com/
[Mon Jun 29 19:09:04.534721 2026] [core:error] [pid 222909:tid 129192473650880] [client 195.178.110.108:35798] AH10244: invalid URI path (/../proc/version?_=ueugy7uy&v=glpcx), referer: https://www.reddit.com/
[Mon Jun 29 19:09:04.622011 2026] [core:error] [pid 222909:tid 129191651559104] [client 195.178.110.108:35804] AH10244: invalid URI path (/../var/www/html/.env?_=h6otne9l&v=km32q), referer: https://twitter.com/
[Mon Jun 29 19:09:05.378022 2026] [core:error] [pid 222849:tid 129192465258176] [client 195.178.110.108:35820] AH10244: invalid URI path (/../var/www/.env?_=nlk0obvg&v=yxbhk)
[Mon Jun 29 19:09:07.061183 2026] [core:error] [pid 222849:tid 129192339433152] [client 195.178.110.108:35832] AH10244: invalid URI path (/../var/www/html/wp-config.php?_=c058khb1&v=x7cn8)
[Mon Jun 29 19:09:08.139807 2026] [core:error] [pid 222909:tid 129192440080064] [client 195.178.110.108:35846] AH10244: invalid URI path (/../var/www/html/config.php?_=edqv979o&v=5vqxp)
[Mon Jun 29 19:09:08.270151 2026] [core:error] [pid 222849:tid 129192305862336] [client 195.178.110.108:35848] AH10244: invalid URI path (/../var/www/html/configuration.php?_=ikd6a0yg&v=cnmdg)
[Mon Jun 29 19:09:08.805521 2026] [core:error] [pid 222909:tid 129191257298624] [client 195.178.110.108:35854] AH10244: invalid URI path (/../app/.env?_=a2al2ups&v=00pcx), referer: https://www.facebook.com/
[Mon Jun 29 19:09:10.396492 2026] [core:error] [pid 222849:tid 129192448472768] [client 195.178.110.108:35888] AH10244: invalid URI path (/../srv/.env?_=3hbkkbil&v=4z6u6), referer: https://www.google.com/search?q=wyxxon
[Mon Jun 29 19:09:11.530729 2026] [core:error] [pid 222909:tid 129191659951808] [client 195.178.110.108:35900] AH10244: invalid URI path (/../home/.env?_=o70pf29j&v=stehl), referer: https://www.bing.com/search?q=oe4xmd
[Mon Jun 29 19:09:11.901063 2026] [core:error] [pid 222909:tid 129191626380992] [client 195.178.110.108:35904] AH10244: invalid URI path (/../var/log/nginx/access.log?_=ib2bkryb&v=40dn7)
[Mon Jun 29 19:09:12.522924 2026] [core:error] [pid 222909:tid 129192456865472] [client 195.178.110.108:35912] AH10244: invalid URI path (/../var/log/apache2/access.log?_=b28gsxco&v=uvsii), referer: https://www.reddit.com/
[Mon Jun 29 19:09:12.590043 2026] [core:error] [pid 222909:tid 129191274084032] [client 195.178.110.108:35922] AH10244: invalid URI path (/../proc/self/cmdline?_=qjqj08jw&v=lo2qo)
[Mon Jun 29 19:09:13.243516 2026] [core:error] [pid 222909:tid 129192482043584] [client 195.178.110.108:35944] AH10244: invalid URI path (/../proc/net/tcp?_=lu4wqh41&v=uejbg), referer: https://www.bing.com/search?q=bdxes1
[Mon Jun 29 19:09:13.308449 2026] [core:error] [pid 222909:tid 129192054212288] [client 195.178.110.108:35954] AH10244: invalid URI path (/../root/.bash_history?_=n4eq05n6&v=jb6qs)
[Mon Jun 29 19:09:13.907674 2026] [core:error] [pid 222909:tid 129192448472768] [client 195.178.110.108:35966] AH10244: invalid URI path (/../root/.mysql_history?_=zq31qzka&v=oay3p), referer: https://twitter.com/
[Mon Jun 29 19:09:13.996031 2026] [core:error] [pid 222909:tid 129191668344512] [client 195.178.110.108:35982] AH10244: invalid URI path (/../etc/nginx/nginx.conf?_=ocdzydhj&v=bwqm3)
[Mon Jun 29 19:09:16.401570 2026] [core:error] [pid 222909:tid 129192465258176] [client 195.178.110.108:59278] AH10244: invalid URI path (/../etc/apache2/apache2.conf?_=hk5ecc6f&v=3k6sm), referer: https://duckduckgo.com/?q=baqlk
[Mon Jun 29 19:09:17.017618 2026] [core:error] [pid 222909:tid 129191634773696] [client 195.178.110.108:59286] AH10244: invalid URI path (/../var/www/html/.git/config?_=nwiie5a1&v=opm06)
[Mon Jun 29 19:09:18.011878 2026] [core:error] [pid 222909:tid 129191643166400] [client 195.178.110.108:59288] AH10244: invalid URI path (/../var/www/.git/config?_=jyxjz1w4&v=thdk4)
[Mon Jun 29 19:09:19.970480 2026] [core:error] [pid 222909:tid 129191265691328] [client 195.178.110.108:59290] AH10244: invalid URI path (/../../etc/passwd?_=yc2z5yhj&v=7wfhr), referer: https://news.ycombinator.com/
[Mon Jun 29 19:09:23.690408 2026] [core:error] [pid 222909:tid 129192029034176] [client 195.178.110.108:59298] AH10244: invalid URI path (/../../etc/shadow?_=tlxhl2db&v=h7pt1), referer: https://www.reddit.com/
[Mon Jun 29 19:09:25.242628 2026] [core:error] [pid 222909:tid 129191676737216] [client 195.178.110.108:43868] AH10244: invalid URI path (/../../etc/hosts?_=pw0kvn6j&v=oloa9), referer: https://t.co/5okh3prz9a
[Mon Jun 29 19:09:25.962556 2026] [core:error] [pid 222909:tid 129192045819584] [client 195.178.110.108:43874] AH10244: invalid URI path (/../../proc/self/environ?_=qyedg39i&v=cppz6), referer: https://www.facebook.com/
[Mon Jun 29 19:09:26.420721 2026] [core:error] [pid 222909:tid 129192431687360] [client 195.178.110.108:43886] AH10244: invalid URI path (/../../root/.ssh/id_rsa?_=g380kzcq&v=6skek), referer: https://duckduckgo.com/?q=pq7f2
[Mon Jun 29 19:09:27.788853 2026] [core:error] [pid 222909:tid 129192070997696] [client 195.178.110.108:43896] AH10244: invalid URI path (/../../.aws/credentials?_=rzxpliqo&v=r76ge)
[Mon Jun 29 19:09:28.758658 2026] [core:error] [pid 222909:tid 129192037426880] [client 195.178.110.108:43910] AH10244: invalid URI path (/../../.env?_=417ck91q&v=k20t2), referer: https://www.facebook.com/
[Mon Jun 29 19:09:29.073774 2026] [core:error] [pid 222909:tid 129192079390400] [client 195.178.110.108:43922] AH10244: invalid URI path (/../../proc/version?_=nc4i06xf&v=6qzf7), referer: https://t.co/bynv4hgq9x
[Mon Jun 29 19:09:29.145483 2026] [core:error] [pid 222909:tid 129192561555136] [client 195.178.110.108:43938] AH10244: invalid URI path (/../../var/www/html/.env?_=uzmlze3y&v=g863i)
[Mon Jun 29 19:09:30.128137 2026] [core:error] [pid 222909:tid 129192062604992] [client 195.178.110.108:43954] AH10244: invalid URI path (/../../var/www/.env?_=60yg7gh6&v=sqqhb), referer: https://t.co/kh7s2dp6e7
[Mon Jun 29 19:09:30.883659 2026] [core:error] [pid 222849:tid 129192440080064] [client 195.178.110.108:43962] AH10244: invalid URI path (/../../var/www/html/wp-config.php?_=gnr0oykc&v=zxrgc)
[Mon Jun 29 19:09:31.214510 2026] [core:error] [pid 222849:tid 129191357945536] [client 195.178.110.108:43978] AH10244: invalid URI path (/../../var/www/html/config.php?_=yesiv8xb&v=qnfeq), referer: https://twitter.com/
[Mon Jun 29 19:09:31.540197 2026] [core:error] [pid 222849:tid 129190930147008] [client 195.178.110.108:43990] AH10244: invalid URI path (/../../var/www/html/configuration.php?_=w2to6b40&v=9wti9), referer: https://www.facebook.com/
[Mon Jun 29 19:09:36.966818 2026] [core:error] [pid 222909:tid 129192473650880] [client 195.178.110.108:40466] AH10244: invalid URI path (/../../app/.env?_=meufbwwb&v=pc8rl), referer: https://www.google.com/
[Mon Jun 29 19:09:37.790216 2026] [core:error] [pid 222909:tid 129191651559104] [client 195.178.110.108:40472] AH10244: invalid URI path (/../../srv/.env?_=pxdtmosb&v=hkqz1)
[Mon Jun 29 19:09:37.871152 2026] [core:error] [pid 222849:tid 129192297469632] [client 195.178.110.108:40480] AH10244: invalid URI path (/../../home/.env?_=s7yyzk59&v=dqp24)
[Mon Jun 29 19:09:38.068395 2026] [core:error] [pid 222849:tid 129191391516352] [client 195.178.110.108:40490] AH10244: invalid URI path (/../../var/log/nginx/access.log?_=vvgvmr93&v=fzrj7), referer: https://www.facebook.com/
[Mon Jun 29 19:09:38.159595 2026] [core:error] [pid 222849:tid 129191383123648] [client 195.178.110.108:40492] AH10244: invalid URI path (/../../var/log/apache2/access.log?_=6i686gq3&v=t4i9y)
[Mon Jun 29 19:09:38.358120 2026] [core:error] [pid 222849:tid 129192465258176] [client 195.178.110.108:40504] AH10244: invalid URI path (/../../proc/self/cmdline?_=4dkmtblx&v=8q8ct)
[Mon Jun 29 19:09:39.232168 2026] [core:error] [pid 222909:tid 129192440080064] [client 195.178.110.108:40508] AH10244: invalid URI path (/../../proc/net/tcp?_=4chvo6vo&v=6r91n), referer: https://news.ycombinator.com/
[Mon Jun 29 19:09:40.260645 2026] [core:error] [pid 222849:tid 129192339433152] [client 195.178.110.108:40516] AH10244: invalid URI path (/../../root/.bash_history?_=9hdcj3bj&v=nes5p), referer: https://www.google.com/
[Mon Jun 29 19:09:41.273676 2026] [core:error] [pid 222909:tid 129191257298624] [client 195.178.110.108:40522] AH10244: invalid URI path (/../../root/.mysql_history?_=m0vpxgw2&v=10hmz), referer: https://news.ycombinator.com/
[Mon Jun 29 19:09:42.622167 2026] [core:error] [pid 222849:tid 129192305862336] [client 195.178.110.108:40532] AH10244: invalid URI path (/../../etc/nginx/nginx.conf?_=34pxat5e&v=sm62k), referer: https://duckduckgo.com/?q=nos4h
[Mon Jun 29 19:09:44.092709 2026] [core:error] [pid 222909:tid 129191659951808] [client 195.178.110.108:40534] AH10244: invalid URI path (/../../etc/apache2/apache2.conf?_=o1zt7b16&v=ayhsi)
[Mon Jun 29 19:09:44.976814 2026] [core:error] [pid 222909:tid 129191626380992] [client 195.178.110.108:11646] AH10244: invalid URI path (/../../var/www/html/.git/config?_=ps04z844&v=gvwmy)
[Mon Jun 29 19:09:45.069802 2026] [core:error] [pid 222909:tid 129192456865472] [client 195.178.110.108:11648] AH10244: invalid URI path (/../../var/www/.git/config?_=plx24nzn&v=984ef), referer: https://news.ycombinator.com/
[Mon Jun 29 19:09:45.142960 2026] [core:error] [pid 222909:tid 129191274084032] [client 195.178.110.108:11654] AH10244: invalid URI path (/../../../etc/passwd?_=vuujs3zt&v=cfs6o)
[Mon Jun 29 19:09:49.169944 2026] [core:error] [pid 222849:tid 129192440080064] [client 195.178.110.108:11656] AH10244: invalid URI path (/../../../etc/shadow?_=vvrunk96&v=xv7hm), referer: https://www.google.com/search?q=vs1upu
[Mon Jun 29 19:09:49.670876 2026] [core:error] [pid 222909:tid 129192482043584] [client 195.178.110.108:11658] AH10244: invalid URI path (/../../../etc/hosts?_=gszhqbc0&v=2mha4)
[Mon Jun 29 19:09:51.805595 2026] [core:error] [pid 222849:tid 129191357945536] [client 195.178.110.108:11674] AH10244: invalid URI path (/../../../proc/self/environ?_=h0f92rpm&v=39thz)
[Mon Jun 29 19:09:52.214343 2026] [core:error] [pid 222849:tid 129190930147008] [client 195.178.110.108:11684] AH10244: invalid URI path (/../../../root/.ssh/id_rsa?_=625oy4cb&v=204m1), referer: https://www.facebook.com/
[Mon Jun 29 19:09:52.300247 2026] [core:error] [pid 222909:tid 129192054212288] [client 195.178.110.108:11698] AH10244: invalid URI path (/../../../.aws/credentials?_=c1x1f54v&v=5vbaz)
[Mon Jun 29 19:09:53.850149 2026] [core:error] [pid 222849:tid 129192561555136] [client 195.178.110.108:11700] AH10244: invalid URI path (/../../../.env?_=h6efzyle&v=otk4q), referer: https://www.google.com/
[Mon Jun 29 19:09:55.511449 2026] [core:error] [pid 222909:tid 129192448472768] [client 195.178.110.108:29424] AH10244: invalid URI path (/../../../proc/version?_=gu4s2krz&v=w5p3c)
[Mon Jun 29 19:09:56.842622 2026] [core:error] [pid 222909:tid 129191668344512] [client 195.178.110.108:29432] AH10244: invalid URI path (/../../../var/www/html/.env?_=ppr390r8&v=cy1c6), referer: https://www.reddit.com/
[Mon Jun 29 19:09:56.903070 2026] [core:error] [pid 222909:tid 129192465258176] [client 195.178.110.108:29448] AH10244: invalid URI path (/../../../var/www/.env?_=imv9tckt&v=0eglk)
[Mon Jun 29 19:09:56.960933 2026] [core:error] [pid 222909:tid 129191634773696] [client 195.178.110.108:29452] AH10244: invalid URI path (/../../../var/www/html/wp-config.php?_=2r020o0j&v=ivzot)
[Mon Jun 29 19:10:00.683743 2026] [core:error] [pid 222909:tid 129191643166400] [client 195.178.110.108:29486] AH10244: invalid URI path (/../../../var/www/html/config.php?_=3ohkctvo&v=4np2i), referer: https://www.reddit.com/
[Mon Jun 29 19:10:02.927794 2026] [core:error] [pid 222849:tid 129192473650880] [client 195.178.110.108:29494] AH10244: invalid URI path (/../../../var/www/html/configuration.php?_=3mki8ak6&v=bh0rg), referer: https://duckduckgo.com/?q=egqkp
[Mon Jun 29 19:10:02.999573 2026] [core:error] [pid 222909:tid 129191265691328] [client 195.178.110.108:29510] AH10244: invalid URI path (/../../../app/.env?_=bi6c58w4&v=8313z), referer: https://www.reddit.com/
[Mon Jun 29 19:10:03.582510 2026] [core:error] [pid 222849:tid 129192431687360] [client 195.178.110.108:29520] AH10244: invalid URI path (/../../../srv/.env?_=hkgpmq9p&v=1vubt)
