[Thu Jul 09 07:19:14.104815 2026] [core:error] [pid 523925:tid 123569117660864] [client 45.148.10.119:56950] AH10244: invalid URI path (/%2e./etc/hosts?_=m3hm2vd5&v=n2ftt), referer: https://www.reddit.com/
[Thu Jul 09 07:19:14.193806 2026] [core:error] [pid 523925:tid 123568062973632] [client 45.148.10.119:56964] AH10244: invalid URI path (/%2e./proc/self/environ?_=tpqp7lpk&v=rqxws), referer: https://www.google.com/search?q=x3dpou
[Thu Jul 09 07:19:14.628497 2026] [core:error] [pid 523926:tid 123568683738816] [client 45.148.10.119:56980] AH10244: invalid URI path (/%2e./proc/version?_=lpgcvkc0&v=ia09h), referer: https://www.reddit.com/
[Thu Jul 09 07:19:14.697150 2026] [core:error] [pid 523926:tid 123568692131520] [client 45.148.10.119:56992] AH10244: invalid URI path (/%2e./.aws/credentials?_=y1fit4t6&v=emcz0), referer: https://duckduckgo.com/?q=k8d16
[Thu Jul 09 07:19:14.976465 2026] [core:error] [pid 523926:tid 123568012650176] [client 45.148.10.119:57002] AH10244: invalid URI path (/%2e./.env?_=bu8ejtxf&v=n99es), referer: https://twitter.com/
[Thu Jul 09 07:19:16.679432 2026] [core:error] [pid 523926:tid 123569027675840] [client 45.148.10.119:57030] AH10244: invalid URI path (/%2e./var/www/html/.env?_=uditl0vn&v=dll5g), referer: https://news.ycombinator.com/
[Thu Jul 09 07:19:16.921842 2026] [core:error] [pid 523926:tid 123569109268160] [client 45.148.10.119:57042] AH10244: invalid URI path (/%2e./var/www/.env?_=8eck33b5&v=71bcz), referer: https://www.google.com/search?q=b5w190
[Thu Jul 09 07:19:17.244016 2026] [core:error] [pid 523926:tid 123567979079360] [client 45.148.10.119:57044] AH10244: invalid URI path (/%2e./var/www/html/wp-config.php?_=4wmv7ktq&v=ucs1f), referer: https://www.google.com/search?q=89lrww
[Thu Jul 09 07:19:20.972188 2026] [core:error] [pid 523925:tid 123568088151744] [client 45.148.10.119:4790] AH10244: invalid URI path (/%2e./var/www/html/config.php?_=3idvxylu&v=31m3v), referer: https://t.co/virvvub1bz
[Thu Jul 09 07:19:22.203517 2026] [core:error] [pid 523926:tid 123568650168000] [client 45.148.10.119:4816] AH10244: invalid URI path (/%2e./var/www/html/configuration.php?_=qlyluc2p&v=o1dz9), referer: https://www.google.com/search?q=sccxnm
[Thu Jul 09 07:19:24.029776 2026] [core:error] [pid 523926:tid 123569019283136] [client 45.148.10.119:4848] AH10244: invalid URI path (/%2e./app/.env?_=p762w8kg&v=7a5fe), referer: https://www.google.com/
[Thu Jul 09 07:19:24.237574 2026] [core:error] [pid 523926:tid 123568985712320] [client 45.148.10.119:4854] AH10244: invalid URI path (/%2e./srv/.env?_=2h1froat&v=g6fb2), referer: https://www.google.com/
[Thu Jul 09 07:19:26.109571 2026] [core:error] [pid 523926:tid 123568994105024] [client 45.148.10.119:4866] AH10244: invalid URI path (/%2e./home/.env?_=87xvei47&v=dfzgh), referer: https://www.facebook.com/
[Thu Jul 09 07:19:26.425411 2026] [core:error] [pid 523926:tid 123568021042880] [client 45.148.10.119:4878] AH10244: invalid URI path (/%2e./var/log/nginx/access.log?_=f2mbh0py&v=eic71), referer: https://www.google.com/
[Thu Jul 09 07:19:26.744917 2026] [core:error] [pid 523926:tid 123568658560704] [client 45.148.10.119:4880] AH10244: invalid URI path (/%2e./var/log/apache2/access.log?_=l9of44t8&v=qvw9j), referer: https://duckduckgo.com/?q=ndbtz
[Thu Jul 09 07:19:28.286609 2026] [core:error] [pid 523926:tid 123568641775296] [client 45.148.10.119:4908] AH10244: invalid URI path (/%2e./var/log/auth.log?_=kkakfue5&v=r6xuh), referer: https://www.google.com/search?q=djbnpt
[Thu Jul 09 07:19:30.924152 2026] [core:error] [pid 523926:tid 123568004257472] [client 45.148.10.119:61264] AH10244: invalid URI path (/%2e./var/log/secure?_=ucrb9uwo&v=2hlsq), referer: https://www.google.com/search?q=tm9xc5
[Thu Jul 09 07:19:32.274728 2026] [core:error] [pid 523926:tid 123567987472064] [client 45.148.10.119:61282] AH10244: invalid URI path (/%2e./proc/self/cmdline?_=vcnu8dna&v=duszv), referer: https://twitter.com/
[Thu Jul 09 07:19:34.256453 2026] [core:error] [pid 523926:tid 123567970686656] [client 45.148.10.119:61306] AH10244: invalid URI path (/%2e./proc/net/tcp?_=vbi39ffu&v=ubh2h), referer: https://www.google.com/search?q=t8nxoc
[Thu Jul 09 07:19:34.544964 2026] [core:error] [pid 523926:tid 123567349954240] [client 45.148.10.119:61320] AH10244: invalid URI path (/%2e./root/.bash_history?_=dzpqdo8u&v=gn0eb), referer: https://www.facebook.com/
[Thu Jul 09 07:19:34.670924 2026] [core:error] [pid 523926:tid 123569002497728] [client 45.148.10.119:61324] AH10244: invalid URI path (/%2e./root/.mysql_history?_=7a41f036&v=3kam8), referer: https://duckduckgo.com/?q=y1v3y
[Thu Jul 09 07:19:34.760353 2026] [core:error] [pid 523926:tid 123567341561536] [client 45.148.10.119:61340] AH10244: invalid URI path (/%2e./etc/nginx/nginx.conf?_=som7zu59&v=73j6q), referer: https://twitter.com/
[Thu Jul 09 07:19:35.008781 2026] [core:error] [pid 523926:tid 123568675346112] [client 45.148.10.119:61348] AH10244: invalid URI path (/%2e./etc/apache2/apache2.conf?_=3xyh71fb&v=buesb), referer: https://www.bing.com/search?q=xf3ite
[Thu Jul 09 07:19:36.267001 2026] [core:error] [pid 523925:tid 123568708884160] [client 45.148.10.119:61364] AH10244: invalid URI path (/%2e./var/www/html/.git/config?_=v2ha1y9j&v=e72ju), referer: https://www.bing.com/search?q=f3y9n5
[Thu Jul 09 07:19:37.552192 2026] [core:error] [pid 523925:tid 123568994105024] [client 45.148.10.119:61380] AH10244: invalid URI path (/%2e./var/www/.git/config?_=c3gfnmqw&v=lvb0b), referer: https://www.google.com/
[Thu Jul 09 07:19:37.747791 2026] [core:error] [pid 523926:tid 123569010890432] [client 45.148.10.119:61392] AH10244: invalid URI path (/%2e./etc/ssh/sshd_config?_=yn83go7z&v=nq61p), referer: https://www.bing.com/search?q=vq5yep
[Thu Jul 09 07:19:37.849577 2026] [core:error] [pid 523925:tid 123568717276864] [client 45.148.10.119:61412] AH10244: invalid URI path (/%2e./root/.ssh/id_rsa?_=ts9px7qt&v=bxddk), referer: https://www.bing.com/search?q=hz1xvy
[Thu Jul 09 07:19:38.621233 2026] [core:error] [pid 523926:tid 123569117660864] [client 45.148.10.119:61414] AH10244: invalid URI path (/%2e./root/.ssh/id_ed25519?_=t5yyq7hn&v=oi4ec), referer: https://news.ycombinator.com/
[Thu Jul 09 07:19:39.306491 2026] [core:error] [pid 523925:tid 123568734062272] [client 45.148.10.119:61434] AH10244: invalid URI path (/%2e./home/ubuntu/.ssh/id_rsa?_=sbwm02bh&v=vkxxi), referer: https://news.ycombinator.com/
[Thu Jul 09 07:19:39.807648 2026] [core:error] [pid 523926:tid 123568977319616] [client 45.148.10.119:61436] AH10244: invalid URI path (/%2e./home/ubuntu/.ssh/id_ed25519?_=uq2q71d2&v=6pfji), referer: https://www.facebook.com/
[Thu Jul 09 07:19:41.154968 2026] [core:error] [pid 523925:tid 123567685498560] [client 45.148.10.119:40250] AH10244: invalid URI path (/%2e./home/deploy/.ssh/id_rsa?_=ulsospa4&v=sliwa), referer: https://www.bing.com/search?q=81f5im
[Thu Jul 09 07:19:43.487556 2026] [core:error] [pid 523925:tid 123569010890432] [client 45.148.10.119:40278] AH10244: invalid URI path (/%2e./home/ec2-user/.ssh/id_rsa?_=orpderpi&v=3eefq), referer: https://duckduckgo.com/?q=7kh9g
[Thu Jul 09 07:19:44.647087 2026] [core:error] [pid 523925:tid 123568037795520] [client 45.148.10.119:40288] AH10244: invalid URI path (/%2e./home/www-data/.ssh/id_rsa?_=27vgz23g&v=kn3vh), referer: https://www.facebook.com/
[Thu Jul 09 07:19:44.875671 2026] [core:error] [pid 523925:tid 123568071366336] [client 45.148.10.119:40296] AH10244: invalid URI path (/%2e./home/git/.ssh/id_rsa?_=uxjdn5xr&v=1tqyv), referer: https://www.facebook.com/
[Thu Jul 09 07:19:47.326233 2026] [core:error] [pid 523926:tid 123567995864768] [client 45.148.10.119:40304] AH10244: invalid URI path (/%2e./home/admin/.ssh/id_rsa?_=tvvu67dl&v=vrp5d), referer: https://twitter.com/
[Thu Jul 09 07:19:47.969240 2026] [core:error] [pid 523926:tid 123568666953408] [client 45.148.10.119:40308] AH10244: invalid URI path (/.%2e/etc/passwd?_=wztf5rej&v=mu3dt), referer: https://news.ycombinator.com/
[Thu Jul 09 07:19:48.411178 2026] [core:error] [pid 523926:tid 123568683738816] [client 45.148.10.119:40322] AH10244: invalid URI path (/.%2e/etc/shadow?_=e1kl5hpk&v=a1xxf), referer: https://www.google.com/
[Thu Jul 09 07:19:50.247430 2026] [core:error] [pid 523926:tid 123568692131520] [client 45.148.10.119:40328] AH10244: invalid URI path (/.%2e/etc/hosts?_=w0vfchoo&v=wfowm), referer: https://t.co/s9r0x5t6nt
[Thu Jul 09 07:19:50.317516 2026] [core:error] [pid 523925:tid 123569117660864] [client 45.148.10.119:40336] AH10244: invalid URI path (/.%2e/proc/self/environ?_=ddk4i848&v=1lje9), referer: https://www.facebook.com/
[Thu Jul 09 07:19:51.055541 2026] [core:error] [pid 523926:tid 123568012650176] [client 45.148.10.119:24126] AH10244: invalid URI path (/.%2e/proc/version?_=hop2f4oz&v=e7h1j), referer: https://www.reddit.com/
[Thu Jul 09 07:19:52.562656 2026] [core:error] [pid 523926:tid 123569027675840] [client 45.148.10.119:24140] AH10244: invalid URI path (/.%2e/.aws/credentials?_=nuxafxqs&v=0ga16), referer: https://t.co/nvwli4ahgn
[Thu Jul 09 07:19:53.690967 2026] [core:error] [pid 523925:tid 123568062973632] [client 45.148.10.119:24146] AH10244: invalid URI path (/.%2e/.env?_=wd148iwx&v=c742o), referer: https://duckduckgo.com/?q=n5oh2
[Thu Jul 09 07:19:53.917946 2026] [core:error] [pid 523926:tid 123569109268160] [client 45.148.10.119:24156] AH10244: invalid URI path (/.%2e/var/www/html/.env?_=xxuvw2yr&v=cwnit), referer: https://www.google.com/search?q=1o91kd
[Thu Jul 09 07:19:55.593708 2026] [core:error] [pid 523926:tid 123567979079360] [client 45.148.10.119:24164] AH10244: invalid URI path (/.%2e/var/www/.env?_=nxobxgtm&v=cwbfu), referer: https://duckduckgo.com/?q=lene9
[Thu Jul 09 07:19:57.211476 2026] [core:error] [pid 523926:tid 123568650168000] [client 45.148.10.119:24166] AH10244: invalid URI path (/.%2e/var/www/html/wp-config.php?_=xzcqu0i9&v=c8gb4), referer: https://twitter.com/
[Thu Jul 09 07:19:59.628759 2026] [core:error] [pid 523925:tid 123568088151744] [client 45.148.10.119:24176] AH10244: invalid URI path (/.%2e/var/www/html/config.php?_=lopz7j0o&v=podmy), referer: https://twitter.com/
[Thu Jul 09 07:20:01.500485 2026] [core:error] [pid 523926:tid 123569019283136] [client 45.148.10.119:5404] AH10244: invalid URI path (/.%2e/var/www/html/configuration.php?_=olye0ej9&v=b73a8), referer: https://www.google.com/search?q=v6jo1k
[Thu Jul 09 07:20:02.677869 2026] [core:error] [pid 523926:tid 123568985712320] [client 45.148.10.119:5414] AH10244: invalid URI path (/.%2e/app/.env?_=goa6mk3u&v=ws7kt), referer: https://t.co/3zyouri2xy
[Thu Jul 09 07:20:02.913822 2026] [core:error] [pid 523926:tid 123568994105024] [client 45.148.10.119:5426] AH10244: invalid URI path (/.%2e/srv/.env?_=ao34lvub&v=2lcyv), referer: https://duckduckgo.com/?q=jl7c4
[Thu Jul 09 07:20:03.682567 2026] [core:error] [pid 523925:tid 123568708884160] [client 45.148.10.119:5428] AH10244: invalid URI path (/.%2e/home/.env?_=zcwqnjks&v=3m8nz), referer: https://www.facebook.com/
[Thu Jul 09 07:20:05.146659 2026] [core:error] [pid 523925:tid 123568994105024] [client 45.148.10.119:5442] AH10244: invalid URI path (/.%2e/var/log/nginx/access.log?_=6i03395y&v=x11rg), referer: https://news.ycombinator.com/
[Thu Jul 09 07:20:05.743705 2026] [core:error] [pid 523926:tid 123568021042880] [client 45.148.10.119:5446] AH10244: invalid URI path (/.%2e/var/log/apache2/access.log?_=timvjvf8&v=rzugk), referer: https://t.co/y2maq00o1u
[Thu Jul 09 07:20:05.807267 2026] [core:error] [pid 523926:tid 123568658560704] [client 45.148.10.119:5460] AH10244: invalid URI path (/.%2e/var/log/auth.log?_=b2wn3fai&v=gqamt), referer: https://news.ycombinator.com/
[Thu Jul 09 07:20:06.252886 2026] [core:error] [pid 523925:tid 123568717276864] [client 45.148.10.119:5468] AH10244: invalid URI path (/.%2e/var/log/secure?_=q9qtetir&v=53e6n), referer: https://www.bing.com/search?q=ke74ie
[Thu Jul 09 07:20:09.213846 2026] [core:error] [pid 523926:tid 123568641775296] [client 45.148.10.119:5480] AH10244: invalid URI path (/.%2e/proc/self/cmdline?_=vndlxii6&v=mde2j), referer: https://duckduckgo.com/?q=5cfd9
[Thu Jul 09 07:20:10.089180 2026] [core:error] [pid 523926:tid 123568004257472] [client 45.148.10.119:5494] AH10244: invalid URI path (/.%2e/proc/net/tcp?_=zbr0f37h&v=hyd2n), referer: https://www.google.com/
[Thu Jul 09 07:20:12.012218 2026] [core:error] [pid 523925:tid 123568734062272] [client 45.148.10.119:22020] AH10244: invalid URI path (/.%2e/root/.bash_history?_=n5ablwgv&v=t7vb2), referer: https://t.co/i3fxauhily
[Thu Jul 09 07:20:12.235959 2026] [core:error] [pid 523925:tid 123567685498560] [client 45.148.10.119:22044] AH10244: invalid URI path (/.%2e/root/.mysql_history?_=qv3ln9ic&v=mtox4), referer: https://news.ycombinator.com/
[Thu Jul 09 07:20:12.752175 2026] [core:error] [pid 523925:tid 123569010890432] [client 45.148.10.119:22070] AH10244: invalid URI path (/.%2e/etc/nginx/nginx.conf?_=nriv4ge8&v=7tofb), referer: https://www.reddit.com/
[Thu Jul 09 07:20:12.819732 2026] [core:error] [pid 523925:tid 123568977319616] [client 45.148.10.119:22072] AH10244: invalid URI path (/.%2e/etc/apache2/apache2.conf?_=6i6c4m23&v=edfak), referer: https://twitter.com/
[Thu Jul 09 07:20:13.027150 2026] [core:error] [pid 523925:tid 123568750847680] [client 45.148.10.119:22078] AH10244: invalid URI path (/.%2e/var/www/html/.git/config?_=jhr7ixd1&v=irwn5), referer: https://www.google.com/search?q=czvsrs
[Thu Jul 09 07:20:13.929304 2026] [core:error] [pid 523925:tid 123568079759040] [client 45.148.10.119:22094] AH10244: invalid URI path (/.%2e/var/www/.git/config?_=pq921g9d&v=h0r8o), referer: https://www.bing.com/search?q=qgf33f
[Thu Jul 09 07:20:15.047574 2026] [core:error] [pid 523925:tid 123568725669568] [client 45.148.10.119:22114] AH10244: invalid URI path (/.%2e/etc/ssh/sshd_config?_=iigfv4h6&v=jjcr3), referer: https://www.google.com/search?q=lrelry
[Thu Jul 09 07:20:15.694302 2026] [core:error] [pid 523925:tid 123568046188224] [client 45.148.10.119:22144] AH10244: invalid URI path (/.%2e/root/.ssh/id_rsa?_=tbvyn8e5&v=n7m52), referer: https://twitter.com/
[Thu Jul 09 07:20:15.778611 2026] [core:error] [pid 523925:tid 123568759240384] [client 45.148.10.119:22150] AH10244: invalid URI path (/.%2e/root/.ssh/id_ed25519?_=r63kl6z8&v=flckq), referer: https://t.co/awewpbgbm6
[Thu Jul 09 07:20:17.110821 2026] [core:error] [pid 523925:tid 123569019283136] [client 45.148.10.119:22168] AH10244: invalid URI path (/.%2e/home/ubuntu/.ssh/id_rsa?_=ggb0ifql&v=0tmbm), referer: https://www.reddit.com/
[Thu Jul 09 07:20:17.408685 2026] [core:error] [pid 523925:tid 123568742454976] [client 45.148.10.119:22192] AH10244: invalid URI path (/.%2e/home/ubuntu/.ssh/id_ed25519?_=y1piwouy&v=fpobr), referer: https://www.bing.com/search?q=n15bps
[Thu Jul 09 07:20:17.522520 2026] [core:error] [pid 523925:tid 123569109268160] [client 45.148.10.119:22200] AH10244: invalid URI path (/.%2e/home/deploy/.ssh/id_rsa?_=3z1awvzs&v=d5nca), referer: https://twitter.com/
[Thu Jul 09 07:20:18.217704 2026] [core:error] [pid 523925:tid 123568054580928] [client 45.148.10.119:22216] AH10244: invalid URI path (/.%2e/home/ec2-user/.ssh/id_rsa?_=fvnkh7hy&v=ar0o0), referer: https://www.bing.com/search?q=v08715
[Thu Jul 09 07:20:20.602693 2026] [core:error] [pid 523925:tid 123569027675840] [client 45.148.10.119:22270] AH10244: invalid URI path (/.%2e/home/www-data/.ssh/id_rsa?_=ay0p3u6m&v=m0mnk), referer: https://t.co/3ky1uynt84
[Thu Jul 09 07:20:22.056617 2026] [core:error] [pid 523925:tid 123569002497728] [client 45.148.10.119:63126] AH10244: invalid URI path (/.%2e/home/git/.ssh/id_rsa?_=8i18lwhr&v=e1bbf), referer: https://twitter.com/
[Thu Jul 09 07:20:23.587759 2026] [core:error] [pid 523925:tid 123568985712320] [client 45.148.10.119:63138] AH10244: invalid URI path (/.%2e/home/admin/.ssh/id_rsa?_=oztixj7p&v=ok6ys), referer: https://www.google.com/search?q=plqp7p
[Thu Jul 09 07:20:24.310646 2026] [core:error] [pid 523926:tid 123567987472064] [client 45.148.10.119:63142] AH10244: invalid URI path (/%2e./%2e./etc/passwd?_=p19tlvd1&v=v76yp), referer: https://www.facebook.com/
[Thu Jul 09 07:20:25.806718 2026] [core:error] [pid 523925:tid 123567677105856] [client 45.148.10.119:63152] AH10244: invalid URI path (/%2e./%2e./etc/shadow?_=0cugdo2h&v=p1t3c), referer: https://www.bing.com/search?q=yud73p
[Thu Jul 09 07:20:25.872519 2026] [core:error] [pid 523925:tid 123568037795520] [client 45.148.10.119:63162] AH10244: invalid URI path (/%2e./%2e./etc/hosts?_=m1w3mkd4&v=p4i6c), referer: https://www.bing.com/search?q=bx9q97
[Thu Jul 09 07:20:25.940688 2026] [core:error] [pid 523925:tid 123568071366336] [client 45.148.10.119:63172] AH10244: invalid URI path (/%2e./%2e./proc/self/environ?_=sgrxecsx&v=oikvq), referer: https://duckduckgo.com/?q=imaxm
[Thu Jul 09 07:20:26.797504 2026] [core:error] [pid 523925:tid 123569117660864] [client 45.148.10.119:63186] AH10244: invalid URI path (/%2e./%2e./proc/version?_=hbay0urz&v=y54uj), referer: https://www.facebook.com/
[Thu Jul 09 07:20:27.661671 2026] [core:error] [pid 523925:tid 123568062973632] [client 45.148.10.119:63200] AH10244: invalid URI path (/%2e./%2e./.aws/credentials?_=4yxnnl8g&v=nejq4), referer: https://t.co/naejc8rp1m
[Thu Jul 09 07:20:27.738453 2026] [core:error] [pid 523925:tid 123568088151744] [client 45.148.10.119:63204] AH10244: invalid URI path (/%2e./%2e./.env?_=fdds20um&v=kw0mr), referer: https://www.facebook.com/
[Thu Jul 09 07:20:29.327222 2026] [core:error] [pid 523925:tid 123568708884160] [client 45.148.10.119:63206] AH10244: invalid URI path (/%2e./%2e./var/www/html/.env?_=cfz3x3x8&v=y6raq), referer: https://www.google.com/search?q=9kweda
[Thu Jul 09 07:20:29.932944 2026] [core:error] [pid 523925:tid 123568994105024] [client 45.148.10.119:63220] AH10244: invalid URI path (/%2e./%2e./var/www/.env?_=228ui1og&v=vtvrg), referer: https://news.ycombinator.com/
[Thu Jul 09 07:20:30.155598 2026] [core:error] [pid 523925:tid 123568054580928] [client 45.148.10.119:63228] AH10244: invalid URI path (/%2e./%2e./var/www/html/wp-config.php?_=to13hb3n&v=fprdj), referer: https://www.google.com/search?q=yeawer
[Thu Jul 09 07:20:32.058124 2026] [core:error] [pid 523925:tid 123569027675840] [client 45.148.10.119:25936] AH10244: invalid URI path (/%2e./%2e./var/www/html/config.php?_=3s6v4mig&v=sc2ut), referer: https://www.google.com/search?q=842wj3
[Thu Jul 09 07:20:32.117894 2026] [core:error] [pid 523925:tid 123569002497728] [client 45.148.10.119:25952] AH10244: invalid URI path (/%2e./%2e./var/www/html/configuration.php?_=h6h6vhba&v=exf43), referer: https://www.reddit.com/
[Thu Jul 09 07:20:32.223602 2026] [core:error] [pid 523925:tid 123568985712320] [client 45.148.10.119:25962] AH10244: invalid URI path (/%2e./%2e./app/.env?_=b4y1682m&v=8f4iv), referer: https://www.google.com/
[Thu Jul 09 07:20:40.109494 2026] [core:error] [pid 523925:tid 123568750847680] [client 45.148.10.119:25974] AH10244: invalid URI path (/%2e./%2e./srv/.env?_=8s7oy7w6&v=xhobr), referer: https://www.google.com/search?q=inajbw
[Thu Jul 09 07:20:40.751037 2026] [core:error] [pid 523925:tid 123568079759040] [client 45.148.10.119:25240] AH10244: invalid URI path (/%2e./%2e./home/.env?_=bilr5qso&v=nqa6z), referer: https://t.co/sbsi65ppeg
[Thu Jul 09 07:20:40.984756 2026] [core:error] [pid 523926:tid 123567970686656] [client 45.148.10.119:25250] AH10244: invalid URI path (/%2e./%2e./var/log/nginx/access.log?_=lfswg1l3&v=lcecb), referer: https://www.facebook.com/
[Thu Jul 09 07:20:42.608134 2026] [core:error] [pid 523926:tid 123567349954240] [client 45.148.10.119:25282] AH10244: invalid URI path (/%2e./%2e./var/log/apache2/access.log?_=rx36o93d&v=64sj5), referer: https://www.reddit.com/
[Thu Jul 09 07:20:43.609375 2026] [core:error] [pid 523926:tid 123569002497728] [client 45.148.10.119:25288] AH10244: invalid URI path (/%2e./%2e./var/log/auth.log?_=dtsct9w1&v=i4jae), referer: https://t.co/hnhr1tnzpr
[Thu Jul 09 07:20:43.864379 2026] [core:error] [pid 523925:tid 123568725669568] [client 45.148.10.119:25298] AH10244: invalid URI path (/%2e./%2e./var/log/secure?_=8u5l6pbf&v=qt1br), referer: https://twitter.com/
[Thu Jul 09 07:20:43.953524 2026] [core:error] [pid 523925:tid 123568046188224] [client 45.148.10.119:25302] AH10244: invalid URI path (/%2e./%2e./proc/self/cmdline?_=6k3lncdk&v=zyyvt), referer: https://www.google.com/search?q=jsuf1w
[Thu Jul 09 07:20:44.021707 2026] [core:error] [pid 523926:tid 123567341561536] [client 45.148.10.119:25316] AH10244: invalid URI path (/%2e./%2e./proc/net/tcp?_=ip9zslqq&v=6q0uv), referer: https://www.google.com/search?q=l4n319
[Thu Jul 09 07:20:44.978006 2026] [core:error] [pid 523926:tid 123568675346112] [client 45.148.10.119:25320] AH10244: invalid URI path (/%2e./%2e./root/.bash_history?_=8rqii8w1&v=du5xe), referer: https://www.google.com/
[Thu Jul 09 07:20:49.928723 2026] [core:error] [pid 523926:tid 123569010890432] [client 45.148.10.119:25322] AH10244: invalid URI path (/%2e./%2e./root/.mysql_history?_=89oc9y1u&v=3wua2), referer: https://www.bing.com/search?q=ggagfl
[Thu Jul 09 07:20:53.163851 2026] [core:error] [pid 523926:tid 123569117660864] [client 45.148.10.119:56254] AH10244: invalid URI path (/%2e./%2e./etc/nginx/nginx.conf?_=bp2u2xkf&v=ij8gb), referer: https://www.facebook.com/
[Thu Jul 09 07:20:53.239497 2026] [core:error] [pid 523925:tid 123568088151744] [client 45.148.10.119:56258] AH10244: invalid URI path (/%2e./%2e./etc/apache2/apache2.conf?_=c5ikrgur&v=siyc5), referer: https://www.reddit.com/
[Thu Jul 09 07:20:53.334674 2026] [core:error] [pid 523926:tid 123568977319616] [client 45.148.10.119:56268] AH10244: invalid URI path (/%2e./%2e./var/www/html/.git/config?_=6v7aws6s&v=qbhke), referer: https://www.facebook.com/
[Thu Jul 09 07:20:54.355209 2026] [core:error] [pid 523926:tid 123567995864768] [client 45.148.10.119:56282] AH10244: invalid URI path (/%2e./%2e./var/www/.git/config?_=z0qo0s40&v=prhgf), referer: https://www.reddit.com/
[Thu Jul 09 07:20:54.439027 2026] [core:error] [pid 523925:tid 123568708884160] [client 45.148.10.119:56298] AH10244: invalid URI path (/%2e./%2e./etc/ssh/sshd_config?_=tndsy7v7&v=mnhpf), referer: https://www.reddit.com/
[Thu Jul 09 07:20:55.193859 2026] [core:error] [pid 523926:tid 123568666953408] [client 45.148.10.119:56312] AH10244: invalid URI path (/%2e./%2e./root/.ssh/id_rsa?_=f2kgz47a&v=wv7s3), referer: https://www.google.com/search?q=dnvszx
[Thu Jul 09 07:20:55.261665 2026] [core:error] [pid 523925:tid 123568994105024] [client 45.148.10.119:56320] AH10244: invalid URI path (/%2e./%2e./root/.ssh/id_ed25519?_=8sg8898j&v=fx2o2), referer: https://www.google.com/
[Thu Jul 09 07:20:56.359634 2026] [core:error] [pid 523925:tid 123568054580928] [client 45.148.10.119:56328] AH10244: invalid URI path (/%2e./%2e./home/ubuntu/.ssh/id_rsa?_=uki0hx4z&v=6zgud), referer: https://www.google.com/
[Thu Jul 09 07:20:56.915383 2026] [core:error] [pid 523926:tid 123568683738816] [client 45.148.10.119:56330] AH10244: invalid URI path (/%2e./%2e./home/ubuntu/.ssh/id_ed25519?_=oc1di81n&v=v9y0b), referer: https://t.co/edrqhf2kba
[Thu Jul 09 07:20:58.371004 2026] [core:error] [pid 523925:tid 123569109268160] [client 45.148.10.119:56348] AH10244: invalid URI path (/%2e./%2e./home/deploy/.ssh/id_rsa?_=sbg0o2bx&v=tlyo4), referer: https://twitter.com/
[Thu Jul 09 07:21:03.417168 2026] [core:error] [pid 523925:tid 123567685498560] [client 45.148.10.119:44078] AH10244: invalid URI path (/%2e./%2e./home/ec2-user/.ssh/id_rsa?_=8vtadlew&v=il5yg), referer: https://www.reddit.com/
[Thu Jul 09 07:21:04.047813 2026] [core:error] [pid 523925:tid 123569010890432] [client 45.148.10.119:44090] AH10244: invalid URI path (/%2e./%2e./home/www-data/.ssh/id_rsa?_=kpo29223&v=bq1ho), referer: https://twitter.com/
[Thu Jul 09 07:21:04.465630 2026] [core:error] [pid 523926:tid 123568692131520] [client 45.148.10.119:44100] AH10244: invalid URI path (/%2e./%2e./home/git/.ssh/id_rsa?_=dpntm39r&v=c2dwo), referer: https://duckduckgo.com/?q=q5rtq
[Thu Jul 09 07:21:04.697464 2026] [core:error] [pid 523925:tid 123568977319616] [client 45.148.10.119:44116] AH10244: invalid URI path (/%2e./%2e./home/admin/.ssh/id_rsa?_=2mc1hsm7&v=24se0), referer: https://t.co/krzuvpktdn
[Thu Jul 09 07:26:13.803482 2026] [core:error] [pid 523926:tid 123568675346112] [client 45.148.10.119:44276] AH10244: invalid URI path (/%2e./%2e./.env?_=3cqsa6m6&v=r2vbj), referer: https://news.ycombinator.com/
[Thu Jul 09 07:26:14.243590 2026] [core:error] [pid 523925:tid 123569019283136] [client 45.148.10.119:12858] AH10244: invalid URI path (/.%2e/.%2e/.env?_=90542rsf&v=99up6), referer: https://news.ycombinator.com/
[Thu Jul 09 07:26:15.124758 2026] [core:error] [pid 523925:tid 123568994105024] [client 45.148.10.119:12878] AH10244: invalid URI path (/%2e./%2e./etc/passwd?_=ys560dqc&v=erfvc), referer: https://www.facebook.com/
[Thu Jul 09 07:26:15.467504 2026] [core:error] [pid 523926:tid 123569010890432] [client 45.148.10.119:12890] AH10244: invalid URI path (/.%2e/.%2e/etc/passwd?_=hsoabsdy&v=pdut3), referer: https://twitter.com/
[Thu Jul 09 07:26:25.569723 2026] [core:error] [pid 523925:tid 123568079759040] [client 45.148.10.119:12910] AH10244: invalid URI path (/../../../etc/passwd?_=rjfcqqw4&v=3hjfa), referer: https://news.ycombinator.com/
[Thu Jul 09 07:26:26.861536 2026] [core:error] [pid 523925:tid 123568725669568] [client 45.148.10.119:58856] AH10244: invalid URI path (/../../../../etc/passwd?_=z4idqdf2&v=9mquw), referer: https://www.reddit.com/
[Thu Jul 09 07:26:27.457294 2026] [core:error] [pid 523925:tid 123568046188224] [client 45.148.10.119:58872] AH10244: invalid URI path (/../.env?_=eb1pvvne&v=c4abz), referer: https://t.co/ug1jpnzo3x
[Thu Jul 09 07:26:27.912222 2026] [core:error] [pid 523925:tid 123568759240384] [client 45.148.10.119:58882] AH10244: invalid URI path (/../../.env?_=n0yw7q55&v=sweug), referer: https://www.facebook.com/
[Thu Jul 09 07:26:33.368443 2026] [core:error] [pid 523925:tid 123568717276864] [client 45.148.10.119:58886] AH10244: invalid URI path (/cgi-bin/.%2e/.%2e/.%2e/.%2e/etc/passwd?_=sfjtuokq&v=mox2o), referer: https://www.google.com/
[Thu Jul 09 07:26:33.958647 2026] [core:error] [pid 523925:tid 123568734062272] [client 45.148.10.119:22268] AH10244: invalid URI path (/cgi-bin/.%2e/.%2e/.%2e/.%2e/.env?_=q82c3m1h&v=k5r19), referer: https://www.google.com/search?q=ql3l93
[Thu Jul 09 07:26:34.873819 2026] [core:error] [pid 523925:tid 123569027675840] [client 45.148.10.119:22280] AH10244: invalid URI path (/cgi-bin/.%2e/.%2e/.env?_=aw8n77uq&v=6zet8), referer: https://twitter.com/
[Thu Jul 09 07:26:35.694465 2026] [core:error] [pid 523925:tid 123569002497728] [client 45.148.10.119:22288] AH10244: invalid URI path (/icons/.%2e/.%2e/.%2e/.%2e/etc/passwd?_=46hev8em&v=u2obe), referer: https://www.facebook.com/
[Thu Jul 09 07:26:43.299964 2026] [core:error] [pid 523925:tid 123568046188224] [client 45.148.10.119:22314] AH10244: invalid URI path (http://46.62.235.243/%u002e%u002e/.env?_=30wukzts&v=8w3je), referer: https://duckduckgo.com/?q=0rjrf
[Thu Jul 09 07:26:44.230776 2026] [core:error] [pid 523926:tid 123569117660864] [client 45.148.10.119:43374] AH10244: invalid URI path (http://46.62.235.243/%u002e%u002e/etc/passwd?_=qazect2v&v=b1rjr), referer: https://twitter.com/
[Thu Jul 09 07:26:45.362163 2026] [core:error] [pid 523926:tid 123568977319616] [client 45.148.10.119:43382] AH10244: invalid URI path (http://46.62.235.243/%u002e%u002e/%u002e%u002e/.env?_=ahe5soal&v=qnpmh), referer: https://news.ycombinator.com/
[Thu Jul 09 07:26:46.521386 2026] [core:error] [pid 523926:tid 123567995864768] [client 45.148.10.119:43398] AH10244: invalid URI path (http://46.62.235.243/%u002e%u002e%u002f%u002e%u002e%u002f.env?_=64lyegqf&v=l2l4c), referer: https://www.bing.com/search?q=het9zp
[Thu Jul 09 07:26:46.610279 2026] [core:error] [pid 523925:tid 123568088151744] [client 45.148.10.119:43408] AH10244: invalid URI path (http://46.62.235.243/%u002e%u002e%u002f%u002e%u002e%u002fetc%u002fpasswd?_=ync1nxkn&v=eyuup), referer: https://t.co/e874ukiq9j
[Thu Jul 09 07:26:47.215542 2026] [core:error] [pid 523925:tid 123568708884160] [client 45.148.10.119:43414] AH10244: invalid URI path (http://46.62.235.243/%u002e%u002e/%u002e%u002e/%u002e%u002e/etc/passwd?_=ibojdu1r&v=0zc7t), referer: https://duckduckgo.com/?q=ga795
[Thu Jul 09 07:26:47.921560 2026] [core:error] [pid 523925:tid 123568742454976] [client 45.148.10.119:43430] AH10244: invalid URI path (http://46.62.235.243/%u002e./%u002e./.env?_=qjjr0plb&v=cidlv), referer: https://www.google.com/
[Thu Jul 09 07:26:49.185495 2026] [core:error] [pid 523925:tid 123568054580928] [client 45.148.10.119:43440] AH10244: invalid URI path (http://46.62.235.243/%uff0e%uff0e/.env?_=3yk5ew95&v=9iepp), referer: https://t.co/r5amj50cok
[Thu Jul 09 07:26:50.230520 2026] [core:error] [pid 523925:tid 123569109268160] [client 45.148.10.119:43454] AH10244: invalid URI path (http://46.62.235.243/%uff0e%uff0e/etc/passwd?_=cv23vc6b&v=ak4r1), referer: https://twitter.com/
[Thu Jul 09 07:26:50.387939 2026] [core:error] [pid 523925:tid 123567685498560] [client 45.148.10.119:43466] AH10244: invalid URI path (http://46.62.235.243/%uff0e%uff0e/%uff0e%uff0e/.env?_=7zwwx52n&v=fquak), referer: https://news.ycombinator.com/
[Thu Jul 09 07:26:50.926595 2026] [core:error] [pid 523925:tid 123569010890432] [client 45.148.10.119:41770] AH10244: invalid URI path (http://46.62.235.243/%uff0e%uff0e/%uff0e%uff0e/etc/passwd?_=gckrhxjj&v=6lqqm), referer: https://news.ycombinator.com/
[Thu Jul 09 07:26:51.003711 2026] [core:error] [pid 523926:tid 123568666953408] [client 45.148.10.119:41772] AH10244: invalid URI path (http://46.62.235.243/%%32e%%32e/.env?_=sv9z8dan&v=98sx6), referer: https://duckduckgo.com/?q=qn07n
[Thu Jul 09 07:26:51.825724 2026] [core:error] [pid 523926:tid 123568683738816] [client 45.148.10.119:41800] AH10244: invalid URI path (http://46.62.235.243/%%32e%%32e/etc/passwd?_=dciwjd1t&v=mfz5i), referer: https://t.co/1ruv8nw3hc
[Thu Jul 09 07:26:52.403602 2026] [core:error] [pid 523926:tid 123568692131520] [client 45.148.10.119:41810] AH10244: invalid URI path (http://46.62.235.243/%%32e%%32e/%%32e%%32e/.env?_=rraawhfu&v=yqodl), referer: https://www.bing.com/search?q=n5b47n
[Thu Jul 09 07:26:52.930554 2026] [core:error] [pid 523926:tid 123568012650176] [client 45.148.10.119:41816] AH10244: invalid URI path (http://46.62.235.243/%%32e%%32e/%%32e%%32e/etc/passwd?_=qy0tcfbu&v=mwzmf), referer: https://news.ycombinator.com/
[Thu Jul 09 08:30:03.752158 2026] [core:error] [pid 523925:tid 123568750847680] [client 222.134.147.66:41000] AH10244: invalid URI path (/cgi-bin/.%2e/.%2e/.%2e/.%2e/.%2e/.%2e/.%2e/.%2e/.%2e/.%2e/bin/sh)
[Thu Jul 09 08:30:04.253160 2026] [core:error] [pid 523925:tid 123568037795520] [client 222.134.147.66:42636] AH10244: invalid URI path (/cgi-bin/%%32%65%%32%65/%%32%65%%32%65/%%32%65%%32%65/%%32%65%%32%65/%%32%65%%32%65/%%32%65%%32%65/%%32%65%%32%65/bin/sh)
[Thu Jul 09 10:19:05.143537 2026] [core:error] [pid 523925:tid 123569027675840] [client 185.70.109.79:57570] AH10244: invalid URI path (/cgi-bin/.%2e/.%2e/.%2e/.%2e/.%2e/.%2e/.%2e/.%2e/.%2e/.%2e/bin/sh)
[Thu Jul 09 10:19:05.322969 2026] [core:error] [pid 523926:tid 123569117660864] [client 185.70.109.79:57580] AH10244: invalid URI path (/cgi-bin/%%32%65%%32%65/%%32%65%%32%65/%%32%65%%32%65/%%32%65%%32%65/%%32%65%%32%65/%%32%65%%32%65/%%32%65%%32%65/bin/sh)
[Thu Jul 09 13:26:49.118688 2026] [proxy_fcgi:error] [pid 523926:tid 123569210128064] [remote 45.227.254.34:53650] AH01071: Got error 'PHP message: PHP Warning:  array_shift() expects parameter 1 to be array, int given in /var/www/linkabili/public/theme/assets/img/appointment/Integer.php on line 13'
[Thu Jul 09 13:28:07.123927 2026] [proxy_fcgi:error] [pid 523925:tid 123569184900800] [remote 45.227.254.34:60176] AH01071: Got error 'PHP message: PHP Notice:  Undefined offset: 0 in /var/www/linkabili/public/theme/assets/img/doctor-detail/tsql.php on line 20'
[Thu Jul 09 18:01:03.663657 2026] [authz_core:error] [pid 523925:tid 123567685498560] [client 195.178.110.223:9628] AH01630: client denied by server configuration: /var/www/linkabili/public/server-status
[Thu Jul 09 19:28:14.663089 2026] [authz_core:error] [pid 523926:tid 123569027675840] [client 213.209.159.175:28701] AH01630: client denied by server configuration: /var/www/linkabili/public/server-status
[Thu Jul 09 19:28:16.558751 2026] [authz_core:error] [pid 523926:tid 123568650168000] [client 213.209.159.175:28701] AH01630: client denied by server configuration: /var/www/linkabili/public/.htpasswd
[Thu Jul 09 19:28:16.589459 2026] [authz_core:error] [pid 523926:tid 123567987472064] [client 213.209.159.175:28701] AH01630: client denied by server configuration: /var/www/linkabili/public/.htaccess
[Thu Jul 09 19:31:07.222195 2026] [proxy_fcgi:error] [pid 523926:tid 123569319306944] [remote 45.227.254.34:49116] AH01071: Got error 'PHP message: PHP Notice:  Undefined offset: 0 in /var/www/linkabili/public/assets/backend/js/t.php on line 18'
[Thu Jul 09 19:31:47.655113 2026] [proxy_fcgi:error] [pid 523926:tid 123569184900800] [remote 45.227.254.34:60242] AH01071: Got error 'PHP message: PHP Notice:  Undefined offset: 0 in /var/www/linkabili/public/fonts/vendor/slick-carousel/set_backlink.php on line 18'
[Thu Jul 09 22:43:06.692532 2026] [proxy_fcgi:error] [pid 523926:tid 123569235355328] [remote 45.227.254.34:55484] AH01071: Got error 'PHP message: PHP Notice:  Undefined offset: 0 in /var/www/linkabili/public/theme/assets/img/doctor-detail/tsql.php on line 21'
[Thu Jul 09 22:43:09.595935 2026] [proxy_fcgi:error] [pid 523925:tid 123569193309888] [remote 45.227.254.34:55486] AH01071: Got error 'PHP message: PHP Notice:  Undefined offset: 0 in /var/www/linkabili/public/theme/assets/img/doctor-detail/tsql.php on line 21'
[Fri Jul 10 01:28:54.286848 2026] [proxy_fcgi:error] [pid 571894:tid 123569218537152] [remote 45.227.254.34:33724] AH01071: Got error 'PHP message: PHP Notice:  Trying to access array offset on value of type int in /var/www/linkabili/public/upload/certification/analyze.php on line 13PHP message: PHP Notice:  Trying to access array offset on value of type int in /var/www/linkabili/public/upload/certification/analyze.php on line 13PHP message: PHP Notice:  Trying to access array offset on value of type int in /var/www/linkabili/public/upload/certification/analyze.php on line 13PHP message: PHP Notice:  Trying to access array offset on value of type int in /var/www/linkabili/public/upload/certification/analyze.php on line 13PHP message: PHP Notice:  Trying to access array offset on value of type int in /var/www/linkabili/public/upload/certification/analyze.php on line 13PHP message: PHP Notice:  Trying to access array offset on value of type int in /var/www/linkabili/public/upload/certification/analyze.php on line 13PHP message: PHP Notice:  Trying to access array offset on value of type int in /var/www/linkabili/public/upload/certification/analyze.php on line 13PHP message: PHP Notice:  Trying to access array offset on value of type int in /var/www/linkabili/public/upload/certification/analyze.php on line 13PHP message: PHP Notice:  Trying to access array offset on value of type int in /var/www/linkabili/public/upload/certification/analyze.php on line 13PHP message: PHP Notice:  Trying to access array offset on value of type int in /var/www/linkabili/public/upload/certification/analyze.php on line 13PHP message: PHP Notice:  Trying to access array offset on value of type int in /var/www/linkabili/public/upload/certification/analyze.php on line 13PHP message: PHP Notice:  Trying to access array offset on value of type int in /var/www/linkabili/public/upload/certification/analyze.php on line 13PHP message: PHP Notice:  Trying to access array offset on value of type int in /var/www/linkabili/public/upload/certification/analyze.php on line 13PHP message: PHP Notice:  Trying to access array offset on value of type int in /var/www/linkabili/public/upload/certification/analyze.php on line 13PHP message: PHP Notice:  Trying to access array offset on value of type int in /var/www/linkabili/public/upload/certification/analyze.php on line 13PHP message: PHP Notice:  Trying to access array offset on value of type int in /var/www/linkabili/public/upload/certification/analyze.php on line 13PHP message: PHP Notice:  Trying to access array offset on value of type int in /var/www/linkabili/public/upload/certification/analyze.php on line 13PHP message: PHP Notice:  Trying to access array offset on value of type int in /var/www/linkabili/public/upload/certification/analyze.php on line 13PHP message: PHP Notice:  Trying to access array offset on value of type int in /var/www/linkabili/public/upload/certification/analyze.php on line 13PHP message: PHP Notice:  Trying to access array offset on value of type int in /var/www/linkabili/public/upload/certification/analyze.php on line 13PHP message: PHP Notice:  Trying to access array offset on value of type int in /var/www/linkabili/public/upload/certification/analyze.php on line 13PHP message: PHP Notice:  Trying to access array offset on value of type int in /var/www/linkabili/public/upload/certification/analyze.php on line 13PHP message: PHP Notice:  Trying to access array offset on value of type int in /var/www/linkabili/public/upload/certification/analyze.php on line 13PHP message: PHP Notice:  Trying to access array offset on value of type int in /var/www/linkabili/public/upload/certification/analyze.php on line 13PHP message: PHP Notice:  Trying to access array offset on value of type int in /var/www/linkabili/public/upload/certification/analyze.php on line 13PHP message: PHP Notice:  Trying to access array offset on value of type int in /var/www/linkabili/public/upload/certification/analyze.php on line 13PHP message: PHP Notice:  Trying to access array offset on value of type int in /var/www/linkabili/public/upload/certification/analyze.php on line 13PHP message: PHP Notice:  Trying to access array offset on value of type int in /var/www/linkabili/public/upload/certification/analyze.php on line 13PHP message: PHP Notice:  Trying to access array offset on value of type int in /var/www/linkabili/public/upload/certification/analyze.php on line 13PHP message: PHP Notice:  Trying to access array offset on value of type int in /var/www/linkabili/public/upload/certification/analyze.php on line 13PHP message: PHP Notice:  Trying to access array offset on value of type int in /var/www/linkabili/public/upload/certification/analyze.php on line 13PHP message: PHP Notice:  Trying to access array offset on value of type int in /var/www/linkabili/public/upload/certification/analyze.php on line 13PHP message: PHP Notice:  Trying to access array offset on value of type int in /var/www/linkabili/public/upload/certification/analyze.php on line 13PHP message: PHP Notice:  Trying to access array offset on value of type int in /var/www/linkabili/public/upload/certification/analyze.php on line 13PHP message: PHP Notice:  Trying to access array offset on value of type int in /var/www/linkabili/public/upload/certification/analyze.php on line 13PHP message: PHP Notice:  Trying to access array offset on value of type int in /var/www/linkabili/public/upload/certification/analyze.php on line 13PHP message: PHP Notice:  Trying to access array offset on value of type int in /var/www/linkabili/public/upload/certification/analyze.php on line 13PHP message: PHP Notice:  Trying to access array offset on value of type int in /var/www/linkabili/public/upload/certification/analyze.php on line 13PHP message: PHP Notice:  Trying to access array offset on value of type int in /var/www/linkabili/public/upload/certification/analyze.php on line 13PHP message: PHP Notice:  Trying to access array offset on value of type int in /var/www/linkabili/public/upload/certification/analyze.php on line 13PHP message: PHP Notice:  Trying to access array offset on value of type int in /var/www/linkabili/public/upload/certification/analyze.php on line 13PHP message: PHP Notice:  Trying to access array offset on value of type int in /var/www/linkabili/public/upload/certification/analyze.php on line 13PHP message: PHP Notice:  Trying to access array offset on value of type int in /var/www/linkabili/public/upload/certification/analyze.php on line 13PHP message: PHP Notice:  Trying to access array offset on value of type int in /var/www/linkabili/public/upload/certification/analyze.php on line 13PHP message: PHP Notice:  Trying to access array offset on value of type int in /var/www/linkabili/public/upload/certification/analyze.php on line 13PHP message: PHP Notice:  Trying to access array offset on value of type int in /var/www/linkabili/public/upload/certification/analyze.php on line 13PHP message: PHP Notice:  Trying to access array offset on value of type int in /var/www/linkabili/public/upload/certification/analyze.php on line 13PHP message: PHP Notice:  Trying to access array offset on value of type int in /var/www/linkabili/public/upload/certification/analyze.php on line 13PHP message: PHP Notice:  Trying to access array offset on value of type int in /var/www/linkabili/public/upload/certification/analyze.php on line 13'
[Fri Jul 10 01:29:24.495779 2026] [proxy_fcgi:error] [pid 571893:tid 123569243764416] [remote 45.227.254.34:41854] AH01071: Got error 'PHP message: PHP Notice:  Undefined offset: 0 in /var/www/linkabili/public/assets/frontend/Date.php on line 19'
[Fri Jul 10 01:29:45.282091 2026] [proxy_fcgi:error] [pid 571894:tid 123569193309888] [remote 45.227.254.34:49656] AH01071: Got error 'PHP message: PHP Warning:  count(): Parameter must be an array or an object that implements Countable in /var/www/linkabili/public/js/chatify/view.directory.php on line 11PHP message: PHP Notice:  Uninitialized string offset: 0 in /var/www/linkabili/public/js/chatify/view.directory.php on line 15'
[Fri Jul 10 04:15:10.773103 2026] [authz_core:error] [pid 571894:tid 123569117660864] [client 104.28.195.187:62970] AH01630: client denied by server configuration: /var/www/linkabili/public/.htpasswd
[Fri Jul 10 07:05:49.561759 2026] [proxy_fcgi:error] [pid 585984:tid 139111632152256] [remote 45.227.254.34:60456] AH01071: Got error 'PHP message: PHP Notice:  Undefined offset: 0 in /var/www/linkabili/public/assets/frontend/Date.php on line 19'
[Fri Jul 10 07:05:49.705229 2026] [proxy_fcgi:error] [pid 585984:tid 139111623759552] [remote 45.227.254.34:60466] AH01071: Got error 'PHP message: PHP Notice:  Undefined offset: 0 in /var/www/linkabili/public/assets/frontend/Date.php on line 19'
